Last updated on 2025-05-10 13:49:50 CEST.
Flavor | Version | Tinstall | Tcheck | Ttotal | Status | Flags |
---|---|---|---|---|---|---|
r-devel-linux-x86_64-debian-clang | 1.0.6 | 11.74 | 133.60 | 145.34 | NOTE | |
r-devel-linux-x86_64-debian-gcc | 1.0.6 | 8.23 | 91.39 | 99.62 | NOTE | |
r-devel-linux-x86_64-fedora-clang | 1.0.6 | 242.19 | OK | |||
r-devel-linux-x86_64-fedora-gcc | 1.0.6 | 232.85 | OK | |||
r-devel-windows-x86_64 | 1.0.6 | 14.00 | 151.00 | 165.00 | NOTE | |
r-patched-linux-x86_64 | 1.0.6 | 14.87 | 124.78 | 139.65 | NOTE | |
r-release-linux-x86_64 | 1.0.6 | 11.00 | 125.92 | 136.92 | NOTE | |
r-release-macos-arm64 | 1.0.6 | 108.00 | OK | |||
r-release-macos-x86_64 | 1.0.6 | 144.00 | OK | |||
r-release-windows-x86_64 | 1.0.6 | 13.00 | 158.00 | 171.00 | NOTE | |
r-oldrel-macos-arm64 | 1.0.6 | 85.00 | OK | |||
r-oldrel-macos-x86_64 | 1.0.6 | 107.00 | OK | |||
r-oldrel-windows-x86_64 | 1.0.6 | 17.00 | 177.00 | 194.00 | OK |
Version: 1.0.6
Check: Rd cross-references
Result: NOTE
Found the following Rd file(s) with Rd \link{} targets missing package
anchors:
graph_pairs.Rd: graphNEL
Please provide package anchors for all Rd \link{} targets not in the
package itself and the base packages.
Flavors: r-devel-linux-x86_64-debian-clang, r-devel-linux-x86_64-debian-gcc, r-devel-windows-x86_64, r-patched-linux-x86_64, r-release-linux-x86_64, r-release-windows-x86_64
Version: 1.0.6
Check: for unstated dependencies in ‘demo’
Result: NOTE
'library' or 'require' calls not declared from:
‘crop’ ‘mvtnorm’
Flavors: r-devel-linux-x86_64-debian-clang, r-devel-linux-x86_64-debian-gcc, r-patched-linux-x86_64, r-release-linux-x86_64