Last updated on 2025-07-22 09:50:49 CEST.
Flavor | Version | Tinstall | Tcheck | Ttotal | Status | Flags |
---|---|---|---|---|---|---|
r-devel-linux-x86_64-debian-clang | 2.1.2 | 9.41 | 74.67 | 84.08 | NOTE | |
r-devel-linux-x86_64-debian-gcc | 2.1.2 | 7.17 | 53.57 | 60.74 | NOTE | |
r-devel-linux-x86_64-fedora-clang | 2.1.2 | 135.26 | NOTE | |||
r-devel-linux-x86_64-fedora-gcc | 2.1.2 | 125.80 | NOTE | |||
r-devel-windows-x86_64 | 2.1.2 | 12.00 | 82.00 | 94.00 | NOTE | |
r-patched-linux-x86_64 | 2.1.2 | 10.21 | 69.68 | 79.89 | NOTE | |
r-release-linux-x86_64 | 2.1.2 | 10.66 | 69.78 | 80.44 | NOTE | |
r-release-macos-arm64 | 2.1.2 | 35.00 | NOTE | |||
r-release-macos-x86_64 | 2.1.2 | 75.00 | NOTE | |||
r-release-windows-x86_64 | 2.1.2 | 11.00 | 81.00 | 92.00 | NOTE | |
r-oldrel-macos-arm64 | 2.1.2 | 35.00 | NOTE | |||
r-oldrel-macos-x86_64 | 2.1.2 | 54.00 | NOTE | |||
r-oldrel-windows-x86_64 | 2.1.2 | 15.00 | 107.00 | 122.00 | NOTE |
Version: 2.1.2
Check: Rd files
Result: NOTE
checkRd: (-1) cat_sim.Rd:110: Lost braces; missing escapes or markup?
110 | \code{min} and {max} are mandatory for setting limits on the test length. User-defined
| ^
Flavors: r-devel-linux-x86_64-debian-clang, r-devel-linux-x86_64-debian-gcc, r-devel-linux-x86_64-fedora-clang, r-devel-linux-x86_64-fedora-gcc, r-devel-windows-x86_64, r-patched-linux-x86_64, r-release-linux-x86_64, r-release-macos-arm64, r-release-macos-x86_64, r-release-windows-x86_64, r-oldrel-macos-arm64, r-oldrel-macos-x86_64, r-oldrel-windows-x86_64