Last updated on 2025-05-10 20:49:57 CEST.
Flavor | Version | Tinstall | Tcheck | Ttotal | Status | Flags |
---|---|---|---|---|---|---|
r-devel-linux-x86_64-debian-clang | 2.0.0 | 9.94 | 193.09 | 203.03 | NOTE | |
r-devel-linux-x86_64-debian-gcc | 2.0.0 | 7.27 | 126.22 | 133.49 | NOTE | |
r-devel-linux-x86_64-fedora-clang | 2.0.0 | 302.57 | OK | |||
r-devel-linux-x86_64-fedora-gcc | 2.0.0 | 326.50 | OK | |||
r-devel-windows-x86_64 | 2.0.0 | 11.00 | 207.00 | 218.00 | NOTE | |
r-patched-linux-x86_64 | 2.0.0 | 10.03 | 196.77 | 206.80 | NOTE | |
r-release-linux-x86_64 | 2.0.0 | 9.81 | 197.86 | 207.67 | NOTE | |
r-release-macos-arm64 | 2.0.0 | 115.00 | OK | |||
r-release-macos-x86_64 | 2.0.0 | 257.00 | OK | |||
r-release-windows-x86_64 | 2.0.0 | 11.00 | 213.00 | 224.00 | NOTE | |
r-oldrel-macos-arm64 | 2.0.0 | 103.00 | OK | |||
r-oldrel-macos-x86_64 | 2.0.0 | 164.00 | OK | |||
r-oldrel-windows-x86_64 | 2.0.0 | 14.00 | 264.00 | 278.00 | OK |
Version: 2.0.0
Check: Rd cross-references
Result: NOTE
Found the following Rd file(s) with Rd \link{} targets missing package
anchors:
estimateVariance.Rd: selectiveInference
xtune.Rd: glmnet
Please provide package anchors for all Rd \link{} targets not in the
package itself and the base packages.
Flavors: r-devel-linux-x86_64-debian-clang, r-devel-linux-x86_64-debian-gcc, r-devel-windows-x86_64, r-patched-linux-x86_64, r-release-linux-x86_64, r-release-windows-x86_64