Last updated on 2025-07-28 16:50:19 CEST.
Flavor | Version | Tinstall | Tcheck | Ttotal | Status | Flags |
---|---|---|---|---|---|---|
r-devel-linux-x86_64-debian-clang | 2.0.0 | 9.24 | 191.92 | 201.16 | NOTE | |
r-devel-linux-x86_64-debian-gcc | 2.0.0 | 6.87 | 123.57 | 130.44 | NOTE | |
r-devel-linux-x86_64-fedora-clang | 2.0.0 | 302.56 | OK | |||
r-devel-linux-x86_64-fedora-gcc | 2.0.0 | 322.59 | OK | |||
r-devel-windows-x86_64 | 2.0.0 | 10.00 | 217.00 | 227.00 | NOTE | |
r-patched-linux-x86_64 | 2.0.0 | 9.92 | 193.90 | 203.82 | NOTE | |
r-release-linux-x86_64 | 2.0.0 | 7.89 | 196.28 | 204.17 | NOTE | |
r-release-macos-arm64 | 2.0.0 | 115.00 | OK | |||
r-release-macos-x86_64 | 2.0.0 | 257.00 | OK | |||
r-release-windows-x86_64 | 2.0.0 | 11.00 | 204.00 | 215.00 | NOTE | |
r-oldrel-macos-arm64 | 2.0.0 | 103.00 | OK | |||
r-oldrel-macos-x86_64 | 2.0.0 | 164.00 | OK | |||
r-oldrel-windows-x86_64 | 2.0.0 | 14.00 | 267.00 | 281.00 | OK |
Version: 2.0.0
Check: Rd cross-references
Result: NOTE
Found the following Rd file(s) with Rd \link{} targets missing package
anchors:
estimateVariance.Rd: selectiveInference
xtune.Rd: glmnet
Please provide package anchors for all Rd \link{} targets not in the
package itself and the base packages.
Flavors: r-devel-linux-x86_64-debian-clang, r-devel-linux-x86_64-debian-gcc, r-devel-windows-x86_64, r-patched-linux-x86_64, r-release-linux-x86_64, r-release-windows-x86_64