Last updated on 2025-05-10 13:49:50 CEST.
Flavor | Version | Tinstall | Tcheck | Ttotal | Status | Flags |
---|---|---|---|---|---|---|
r-devel-linux-x86_64-debian-clang | 0.1.0 | 13.05 | 210.77 | 223.82 | NOTE | |
r-devel-linux-x86_64-debian-gcc | 0.1.0 | 8.33 | 126.85 | 135.18 | NOTE | |
r-devel-linux-x86_64-fedora-clang | 0.1.0 | 377.09 | OK | |||
r-devel-linux-x86_64-fedora-gcc | 0.1.0 | 388.26 | OK | |||
r-devel-windows-x86_64 | 0.1.0 | 17.00 | 187.00 | 204.00 | OK | |
r-patched-linux-x86_64 | 0.1.0 | 11.30 | 198.35 | 209.65 | OK | |
r-release-linux-x86_64 | 0.1.0 | 12.48 | 196.09 | 208.57 | OK | |
r-release-macos-arm64 | 0.1.0 | 107.00 | OK | |||
r-release-macos-x86_64 | 0.1.0 | 182.00 | OK | |||
r-release-windows-x86_64 | 0.1.0 | 17.00 | 188.00 | 205.00 | OK | |
r-oldrel-macos-arm64 | 0.1.0 | 91.00 | OK | |||
r-oldrel-macos-x86_64 | 0.1.0 | 140.00 | OK | |||
r-oldrel-windows-x86_64 | 0.1.0 | 21.00 | 248.00 | 269.00 | OK |
Version: 0.1.0
Check: CRAN incoming feasibility
Result: NOTE
Maintainer: ‘Joao Claudio Macosso <joaoclaudiomacosso@gmail.com>’
No Authors@R field in DESCRIPTION.
Please add one, modifying
Authors@R: person(given = c("Joao", "Claudio"),
family = "Macosso",
role = c("aut", "cre"),
email = "joaoclaudiomacosso@gmail.com")
as necessary.
Flavors: r-devel-linux-x86_64-debian-clang, r-devel-linux-x86_64-debian-gcc