Last updated on 2025-05-10 08:50:55 CEST.
Flavor | Version | Tinstall | Tcheck | Ttotal | Status | Flags |
---|---|---|---|---|---|---|
r-devel-linux-x86_64-debian-clang | 0.3.0 | 53.87 | 83.88 | 137.75 | OK | |
r-devel-linux-x86_64-debian-gcc | 0.3.0 | 36.71 | 63.77 | 100.48 | OK | |
r-devel-linux-x86_64-fedora-clang | 0.3.0 | 268.85 | OK | |||
r-devel-linux-x86_64-fedora-gcc | 0.3.0 | 238.79 | OK | |||
r-devel-windows-x86_64 | 0.3.0 | 64.00 | 117.00 | 181.00 | OK | |
r-patched-linux-x86_64 | 0.3.0 | 51.73 | 81.60 | 133.33 | OK | |
r-release-linux-x86_64 | 0.3.0 | 53.03 | 81.42 | 134.45 | OK | |
r-release-macos-arm64 | 0.3.0 | 64.00 | OK | |||
r-release-macos-x86_64 | 0.3.0 | 112.00 | OK | |||
r-release-windows-x86_64 | 0.3.0 | 63.00 | 117.00 | 180.00 | OK | |
r-oldrel-macos-arm64 | 0.3.0 | 63.00 | NOTE | |||
r-oldrel-macos-x86_64 | 0.3.0 | 101.00 | NOTE | |||
r-oldrel-windows-x86_64 | 0.3.0 | 74.00 | 140.00 | 214.00 | OK |
Version: 0.3.0
Check: installed package size
Result: NOTE
installed size is 6.2Mb
sub-directories of 1Mb or more:
data 3.8Mb
libs 2.2Mb
Flavors: r-oldrel-macos-arm64, r-oldrel-macos-x86_64