Last updated on 2025-05-10 16:52:46 CEST.
Flavor | Version | Tinstall | Tcheck | Ttotal | Status | Flags |
---|---|---|---|---|---|---|
r-devel-linux-x86_64-debian-clang | 0.1-17 | 3.15 | 39.13 | 42.28 | OK | |
r-devel-linux-x86_64-debian-gcc | 0.1-17 | 2.81 | 29.88 | 32.69 | OK | |
r-devel-linux-x86_64-fedora-clang | 0.1-17 | 69.63 | OK | |||
r-devel-linux-x86_64-fedora-gcc | 0.1-17 | 81.71 | OK | |||
r-devel-windows-x86_64 | 0.1-17 | 5.00 | 66.00 | 71.00 | OK | |
r-patched-linux-x86_64 | 0.1-17 | 3.36 | 38.13 | 41.49 | OK | |
r-release-linux-x86_64 | 0.1-17 | 3.17 | 36.91 | 40.08 | OK | |
r-release-macos-arm64 | 0.1-17 | 34.00 | OK | |||
r-release-macos-x86_64 | 0.1-17 | 58.00 | OK | |||
r-release-windows-x86_64 | 0.1-17 | 5.00 | 70.00 | 75.00 | OK | |
r-oldrel-macos-arm64 | 0.1-17 | 50.00 | NOTE | |||
r-oldrel-macos-x86_64 | 0.1-17 | 100.00 | NOTE | |||
r-oldrel-windows-x86_64 | 0.1-17 | 5.00 | 65.00 | 70.00 | NOTE |
Version: 0.1-17
Check: package dependencies
Result: NOTE
Package suggested but not available for checking: ‘wordnetDicts’
Flavors: r-oldrel-macos-arm64, r-oldrel-macos-x86_64, r-oldrel-windows-x86_64