Last updated on 2025-05-10 20:49:57 CEST.
Flavor | Version | Tinstall | Tcheck | Ttotal | Status | Flags |
---|---|---|---|---|---|---|
r-devel-linux-x86_64-debian-clang | 1.0.5 | 166.25 | 218.34 | 384.59 | NOTE | |
r-devel-linux-x86_64-debian-gcc | 1.0.5 | 115.75 | 131.27 | 247.02 | NOTE | |
r-devel-linux-x86_64-fedora-clang | 1.0.5 | 672.77 | OK | |||
r-devel-linux-x86_64-fedora-gcc | 1.0.5 | 680.73 | OK | |||
r-devel-windows-x86_64 | 1.0.5 | 187.00 | 201.00 | 388.00 | OK | |
r-patched-linux-x86_64 | 1.0.5 | 157.53 | 196.21 | 353.74 | OK | |
r-release-linux-x86_64 | 1.0.5 | 155.98 | 196.54 | 352.52 | OK | |
r-release-macos-arm64 | 1.0.5 | 196.00 | OK | |||
r-release-macos-x86_64 | 1.0.5 | 274.00 | OK | |||
r-release-windows-x86_64 | 1.0.5 | 183.00 | 204.00 | 387.00 | OK | |
r-oldrel-macos-arm64 | 1.0.5 | 181.00 | NOTE | |||
r-oldrel-macos-x86_64 | 1.0.5 | 213.00 | NOTE | |||
r-oldrel-windows-x86_64 | 1.0.5 | 212.00 | 317.00 | 529.00 | OK |
Version: 1.0.5
Check: CRAN incoming feasibility
Result: NOTE
Maintainer: ‘Samuel I. Berchuck <sib2@duke.edu>’
The Description field contains
Berchuck et al (2018), <arXiv:1805.11636>. The paper is in press at the
Please refer to arXiv e-prints via their arXiv DOI <doi:10.48550/arXiv.YYMM.NNNNN>.
Flavors: r-devel-linux-x86_64-debian-clang, r-devel-linux-x86_64-debian-gcc
Version: 1.0.5
Check: installed package size
Result: NOTE
installed size is 8.7Mb
sub-directories of 1Mb or more:
libs 7.9Mb
Flavors: r-oldrel-macos-arm64, r-oldrel-macos-x86_64