CRAN Package Check Results for Package woeBinning

Last updated on 2025-05-10 20:49:57 CEST.

Flavor Version Tinstall Tcheck Ttotal Status Flags
r-devel-linux-x86_64-debian-clang 0.1.6 3.75 28.55 32.30 NOTE
r-devel-linux-x86_64-debian-gcc 0.1.6 2.81 20.41 23.22 NOTE
r-devel-linux-x86_64-fedora-clang 0.1.6 50.57 OK
r-devel-linux-x86_64-fedora-gcc 0.1.6 48.61 OK
r-devel-windows-x86_64 0.1.6 5.00 47.00 52.00 OK
r-patched-linux-x86_64 0.1.6 3.63 27.03 30.66 OK
r-release-linux-x86_64 0.1.6 4.03 26.06 30.09 OK
r-release-macos-arm64 0.1.6 18.00 OK
r-release-macos-x86_64 0.1.6 31.00 OK
r-release-windows-x86_64 0.1.6 6.00 58.00 64.00 OK
r-oldrel-macos-arm64 0.1.6 17.00 OK
r-oldrel-macos-x86_64 0.1.6 25.00 OK
r-oldrel-windows-x86_64 0.1.6 4.00 45.00 49.00 OK

Check Details

Version: 0.1.6
Check: CRAN incoming feasibility
Result: NOTE Maintainer: ‘Thilo Eichenberg <te.r@gmx.net>’ No Authors@R field in DESCRIPTION. Please add one, modifying Authors@R: person(given = "Thilo", family = "Eichenberg", role = c("aut", "cre"), email = "te.r@gmx.net") as necessary. Flavors: r-devel-linux-x86_64-debian-clang, r-devel-linux-x86_64-debian-gcc