CRAN Package Check Results for Package wkb

Last updated on 2025-05-10 13:49:50 CEST.

Flavor Version Tinstall Tcheck Ttotal Status Flags
r-devel-linux-x86_64-debian-clang 0.4-0 3.10 28.86 31.96 NOTE
r-devel-linux-x86_64-debian-gcc 0.4-0 2.37 23.00 25.37 NOTE
r-devel-linux-x86_64-fedora-clang 0.4-0 49.27 OK
r-devel-linux-x86_64-fedora-gcc 0.4-0 48.44 OK
r-devel-windows-x86_64 0.4-0 5.00 49.00 54.00 OK
r-patched-linux-x86_64 0.4-0 2.19 27.95 30.14 OK
r-release-linux-x86_64 0.4-0 2.56 27.79 30.35 OK
r-release-macos-arm64 0.4-0 22.00 OK
r-release-macos-x86_64 0.4-0 35.00 OK
r-release-windows-x86_64 0.4-0 4.00 48.00 52.00 OK
r-oldrel-macos-arm64 0.4-0 19.00 OK
r-oldrel-macos-x86_64 0.4-0 29.00 OK
r-oldrel-windows-x86_64 0.4-0 4.00 53.00 57.00 OK

Check Details

Version: 0.4-0
Check: CRAN incoming feasibility
Result: NOTE Maintainer: ‘Ian Cook <ianmcook@gmail.com>’ No Authors@R field in DESCRIPTION. Please add one, modifying Authors@R: c(person(given = c("TIBCO", "Software"), family = "Inc.", role = "aut"), person(given = "Ian", family = "Cook", role = "cre", email = "ianmcook@gmail.com")) as necessary. Flavors: r-devel-linux-x86_64-debian-clang, r-devel-linux-x86_64-debian-gcc