Last updated on 2025-05-10 16:52:46 CEST.
Flavor | Version | Tinstall | Tcheck | Ttotal | Status | Flags |
---|---|---|---|---|---|---|
r-devel-linux-x86_64-debian-clang | 0.7.0 | 7.15 | 64.21 | 71.36 | NOTE | |
r-devel-linux-x86_64-debian-gcc | 0.7.0 | 5.32 | 47.14 | 52.46 | NOTE | |
r-devel-linux-x86_64-fedora-clang | 0.7.0 | 108.56 | NOTE | |||
r-devel-linux-x86_64-fedora-gcc | 0.7.0 | 112.54 | NOTE | |||
r-devel-windows-x86_64 | 0.7.0 | 8.00 | 78.00 | 86.00 | NOTE | |
r-patched-linux-x86_64 | 0.7.0 | 6.48 | 58.00 | 64.48 | NOTE | |
r-release-linux-x86_64 | 0.7.0 | 6.39 | 58.03 | 64.42 | NOTE | |
r-release-macos-arm64 | 0.7.0 | 39.00 | NOTE | |||
r-release-macos-x86_64 | 0.7.0 | 81.00 | NOTE | |||
r-release-windows-x86_64 | 0.7.0 | 10.00 | 78.00 | 88.00 | NOTE | |
r-oldrel-macos-arm64 | 0.7.0 | 39.00 | NOTE | |||
r-oldrel-macos-x86_64 | 0.7.0 | 63.00 | NOTE | |||
r-oldrel-windows-x86_64 | 0.7.0 | 12.00 | 95.00 | 107.00 | NOTE |
Version: 0.7.0
Check: Rd files
Result: NOTE
checkRd: (-1) milakes.Rd:10: Lost braces in \itemize; meant \describe ?
checkRd: (-1) milakes.Rd:11: Lost braces in \itemize; meant \describe ?
checkRd: (-1) milakes.Rd:12: Lost braces in \itemize; meant \describe ?
checkRd: (-1) milakes.Rd:13: Lost braces in \itemize; meant \describe ?
checkRd: (-1) milakes.Rd:14: Lost braces in \itemize; meant \describe ?
checkRd: (-1) milakes.Rd:15: Lost braces in \itemize; meant \describe ?
checkRd: (-1) milakes.Rd:16: Lost braces in \itemize; meant \describe ?
checkRd: (-1) milakes.Rd:17: Lost braces in \itemize; meant \describe ?
checkRd: (-1) milakes.Rd:18: Lost braces in \itemize; meant \describe ?
checkRd: (-1) milakes.Rd:19: Lost braces in \itemize; meant \describe ?
checkRd: (-1) milakes.Rd:20: Lost braces in \itemize; meant \describe ?
checkRd: (-1) milakes.Rd:21: Lost braces in \itemize; meant \describe ?
checkRd: (-1) milakes.Rd:22: Lost braces in \itemize; meant \describe ?
Flavors: r-devel-linux-x86_64-debian-clang, r-devel-linux-x86_64-debian-gcc, r-devel-linux-x86_64-fedora-clang, r-devel-linux-x86_64-fedora-gcc, r-devel-windows-x86_64, r-patched-linux-x86_64, r-release-linux-x86_64, r-release-macos-arm64, r-release-macos-x86_64, r-release-windows-x86_64, r-oldrel-macos-arm64, r-oldrel-macos-x86_64, r-oldrel-windows-x86_64