CRAN Package Check Results for Package whisker

Last updated on 2025-07-27 01:48:39 CEST.

Flavor Version Tinstall Tcheck Ttotal Status Flags
r-devel-linux-x86_64-debian-clang 0.4.1 1.89 18.67 20.56 NOTE
r-devel-linux-x86_64-debian-gcc 0.4.1 1.50 14.91 16.41 NOTE
r-devel-linux-x86_64-fedora-clang 0.4.1 31.34 OK
r-devel-linux-x86_64-fedora-gcc 0.4.1 29.90 OK
r-devel-windows-x86_64 0.4.1 3.00 48.00 51.00 OK
r-patched-linux-x86_64 0.4.1 5.07 17.44 22.51 OK
r-release-linux-x86_64 0.4.1 1.51 17.43 18.94 OK
r-release-macos-arm64 0.4.1 15.00 OK
r-release-macos-x86_64 0.4.1 24.00 OK
r-release-windows-x86_64 0.4.1 4.00 39.00 43.00 OK
r-oldrel-macos-arm64 0.4.1 19.00 OK
r-oldrel-macos-x86_64 0.4.1 21.00 OK
r-oldrel-windows-x86_64 0.4.1 3.00 43.00 46.00 OK

Check Details

Version: 0.4.1
Check: CRAN incoming feasibility
Result: NOTE Maintainer: ‘Edwin de Jonge <edwindjonge@gmail.com>’ No Authors@R field in DESCRIPTION. Please add one, modifying Authors@R: person(given = "Edwin", family = "de Jonge", role = c("aut", "cre"), email = "edwindjonge@gmail.com") as necessary. Flavors: r-devel-linux-x86_64-debian-clang, r-devel-linux-x86_64-debian-gcc