CRAN Package Check Results for Package weibullness

Last updated on 2025-07-16 20:53:41 CEST.

Flavor Version Tinstall Tcheck Ttotal Status Flags
r-devel-linux-x86_64-debian-clang 1.24.1 18.63 31.34 49.97 OK
r-devel-linux-x86_64-debian-gcc 1.24.1 18.83 24.65 43.48 OK
r-devel-linux-x86_64-fedora-clang 1.24.1 75.38 NOTE
r-devel-linux-x86_64-fedora-gcc 1.24.1 73.02 NOTE
r-devel-windows-x86_64 1.24.1 20.00 61.00 81.00 OK
r-patched-linux-x86_64 1.24.1 18.79 29.49 48.28 OK
r-release-linux-x86_64 1.24.1 18.49 29.35 47.84 OK
r-release-macos-arm64 1.24.1 34.00 OK
r-release-macos-x86_64 1.24.1 54.00 OK
r-release-windows-x86_64 1.24.1 20.00 70.00 90.00 OK
r-oldrel-macos-arm64 1.24.1 36.00 OK
r-oldrel-macos-x86_64 1.24.1 46.00 OK
r-oldrel-windows-x86_64 1.24.1 19.00 61.00 80.00 OK

Check Details

Version: 1.24.1
Check: dependencies in R code
Result: NOTE Namespace in Imports field not imported from: ‘methods’ All declared Imports should be used. Flavors: r-devel-linux-x86_64-fedora-clang, r-devel-linux-x86_64-fedora-gcc