Last updated on 2025-05-10 16:52:45 CEST.
Flavor | Version | Tinstall | Tcheck | Ttotal | Status | Flags |
---|---|---|---|---|---|---|
r-devel-linux-x86_64-debian-clang | 0.8.1 | 33.25 | 181.05 | 214.30 | NOTE | |
r-devel-linux-x86_64-debian-gcc | 0.8.1 | 25.64 | 131.07 | 156.71 | NOTE | |
r-devel-linux-x86_64-fedora-clang | 0.8.1 | 316.99 | NOTE | |||
r-devel-linux-x86_64-fedora-gcc | 0.8.1 | 315.34 | NOTE | |||
r-devel-windows-x86_64 | 0.8.1 | 25.00 | 155.00 | 180.00 | NOTE | |
r-patched-linux-x86_64 | 0.8.1 | 34.44 | 170.99 | 205.43 | NOTE | |
r-release-linux-x86_64 | 0.8.1 | 31.09 | 170.09 | 201.18 | NOTE | |
r-release-macos-arm64 | 0.8.1 | 66.00 | NOTE | |||
r-release-macos-x86_64 | 0.8.1 | 162.00 | NOTE | |||
r-release-windows-x86_64 | 0.8.1 | 26.00 | 159.00 | 185.00 | NOTE | |
r-oldrel-macos-arm64 | 0.8.1 | 55.00 | NOTE | |||
r-oldrel-macos-x86_64 | 0.8.1 | 89.00 | NOTE | |||
r-oldrel-windows-x86_64 | 0.8.1 | 35.00 | 203.00 | 238.00 | NOTE |
Version: 0.8.1
Check: package subdirectories
Result: NOTE
Problems with news in ‘NEWS.md’:
No news entries found.
Flavors: r-devel-linux-x86_64-debian-clang, r-devel-linux-x86_64-debian-gcc, r-devel-linux-x86_64-fedora-clang, r-devel-linux-x86_64-fedora-gcc, r-devel-windows-x86_64, r-patched-linux-x86_64, r-release-linux-x86_64, r-release-macos-arm64, r-release-macos-x86_64, r-release-windows-x86_64, r-oldrel-macos-arm64, r-oldrel-macos-x86_64, r-oldrel-windows-x86_64