Last updated on 2025-05-10 16:52:45 CEST.
Flavor | Version | Tinstall | Tcheck | Ttotal | Status | Flags |
---|---|---|---|---|---|---|
r-devel-linux-x86_64-debian-clang | 1.1.34 | 30.16 | 181.88 | 212.04 | OK | |
r-devel-linux-x86_64-debian-gcc | 1.1.34 | 19.30 | 120.42 | 139.72 | OK | |
r-devel-linux-x86_64-fedora-clang | 1.1.34 | 333.20 | OK | |||
r-devel-linux-x86_64-fedora-gcc | 1.1.34 | 330.23 | OK | |||
r-devel-windows-x86_64 | 1.1.34 | 36.00 | 230.00 | 266.00 | OK | |
r-patched-linux-x86_64 | 1.1.34 | 30.95 | 169.65 | 200.60 | OK | |
r-release-linux-x86_64 | 1.1.34 | 29.32 | 168.75 | 198.07 | OK | |
r-release-macos-arm64 | 1.1.34 | 156.00 | OK | |||
r-release-macos-x86_64 | 1.1.34 | 224.00 | OK | |||
r-release-windows-x86_64 | 1.1.34 | 37.00 | 232.00 | 269.00 | OK | |
r-oldrel-macos-arm64 | 1.1.34 | 112.00 | NOTE | |||
r-oldrel-macos-x86_64 | 1.1.34 | 236.00 | NOTE | |||
r-oldrel-windows-x86_64 | 1.1.34 | 44.00 | 274.00 | 318.00 | NOTE |
Version: 1.1.34
Check: installed package size
Result: NOTE
installed size is 8.7Mb
sub-directories of 1Mb or more:
doc 6.6Mb
Flavors: r-oldrel-macos-arm64, r-oldrel-macos-x86_64, r-oldrel-windows-x86_64