CRAN Package Check Results for Package vscc

Last updated on 2025-07-21 09:50:10 CEST.

Flavor Version Tinstall Tcheck Ttotal Status Flags
r-devel-linux-x86_64-debian-clang 0.7 6.42 84.73 91.15 NOTE
r-devel-linux-x86_64-debian-gcc 0.7 4.02 51.55 55.57 NOTE
r-devel-linux-x86_64-fedora-clang 0.7 149.41 OK
r-devel-linux-x86_64-fedora-gcc 0.7 121.06 OK
r-devel-windows-x86_64 0.7 7.00 91.00 98.00 NOTE
r-patched-linux-x86_64 0.7 6.10 68.30 74.40 NOTE
r-release-linux-x86_64 0.7 5.47 67.86 73.33 NOTE
r-release-macos-arm64 0.7 46.00 OK
r-release-macos-x86_64 0.7 85.00 OK
r-release-windows-x86_64 0.7 7.00 93.00 100.00 NOTE
r-oldrel-macos-arm64 0.7 40.00 OK
r-oldrel-macos-x86_64 0.7 61.00 OK
r-oldrel-windows-x86_64 0.7 9.00 111.00 120.00 OK

Check Details

Version: 0.7
Check: Rd cross-references
Result: NOTE Found the following Rd file(s) with Rd \link{} targets missing package anchors: vscc.Rd: teigen, Mclust Please provide package anchors for all Rd \link{} targets not in the package itself and the base packages. Flavors: r-devel-linux-x86_64-debian-clang, r-devel-linux-x86_64-debian-gcc, r-devel-windows-x86_64, r-patched-linux-x86_64, r-release-linux-x86_64, r-release-windows-x86_64