Last updated on 2025-10-17 13:49:42 CEST.
Flavor | Version | Tinstall | Tcheck | Ttotal | Status | Flags |
---|---|---|---|---|---|---|
r-devel-linux-x86_64-debian-clang | 1.3.5 | 14.68 | 139.35 | 154.03 | NOTE | |
r-devel-linux-x86_64-debian-gcc | 1.3.5 | 9.98 | 99.60 | 109.58 | NOTE | |
r-devel-linux-x86_64-fedora-clang | 1.3.5 | 246.11 | NOTE | |||
r-devel-linux-x86_64-fedora-gcc | 1.3.5 | 220.59 | NOTE | |||
r-devel-windows-x86_64 | 1.3.5 | 15.00 | 137.00 | 152.00 | NOTE | |
r-patched-linux-x86_64 | 1.3.5 | 13.84 | 129.38 | 143.22 | NOTE | |
r-release-linux-x86_64 | 1.3.5 | 13.14 | 131.13 | 144.27 | NOTE | |
r-release-macos-arm64 | 1.3.5 | 58.00 | NOTE | |||
r-release-macos-x86_64 | 1.3.5 | 109.00 | NOTE | |||
r-release-windows-x86_64 | 1.3.5 | 17.00 | 138.00 | 155.00 | NOTE | |
r-oldrel-macos-arm64 | 1.3.5 | 60.00 | NOTE | |||
r-oldrel-macos-x86_64 | 1.3.5 | 97.00 | NOTE | |||
r-oldrel-windows-x86_64 | 1.3.5 | 20.00 | 175.00 | 195.00 | NOTE |
Version: 1.3.5
Check: package subdirectories
Result: NOTE
Problems with news in ‘NEWS.md’:
No news entries found.
Flavors: r-devel-linux-x86_64-debian-clang, r-devel-linux-x86_64-debian-gcc, r-devel-linux-x86_64-fedora-clang, r-devel-linux-x86_64-fedora-gcc, r-devel-windows-x86_64, r-patched-linux-x86_64, r-release-linux-x86_64, r-release-macos-arm64, r-release-macos-x86_64, r-release-windows-x86_64, r-oldrel-macos-arm64, r-oldrel-macos-x86_64, r-oldrel-windows-x86_64
Version: 1.3.5
Check: dependencies in R code
Result: NOTE
Namespace in Imports field not imported from: ‘methods’
All declared Imports should be used.
Flavors: r-devel-linux-x86_64-fedora-clang, r-devel-linux-x86_64-fedora-gcc
Version: 1.3.5
Check: LazyData
Result: NOTE
'LazyData' is specified without a 'data' directory
Flavors: r-oldrel-macos-arm64, r-oldrel-macos-x86_64, r-oldrel-windows-x86_64