Last updated on 2025-05-10 08:50:54 CEST.
Flavor | Version | Tinstall | Tcheck | Ttotal | Status | Flags |
---|---|---|---|---|---|---|
r-devel-linux-x86_64-debian-clang | 1.0.7 | 22.30 | 103.19 | 125.49 | OK | |
r-devel-linux-x86_64-debian-gcc | 1.0.7 | 16.36 | 70.66 | 87.02 | OK | |
r-devel-linux-x86_64-fedora-clang | 1.0.7 | 183.77 | OK | |||
r-devel-linux-x86_64-fedora-gcc | 1.0.7 | 189.83 | OK | |||
r-devel-windows-x86_64 | 1.0.7 | 27.00 | 106.00 | 133.00 | OK | |
r-patched-linux-x86_64 | 1.0.7 | 22.84 | 94.76 | 117.60 | OK | |
r-release-linux-x86_64 | 1.0.7 | 20.94 | 95.42 | 116.36 | OK | |
r-release-macos-arm64 | 1.0.7 | 60.00 | OK | |||
r-release-macos-x86_64 | 1.0.7 | 111.00 | OK | |||
r-release-windows-x86_64 | 1.0.7 | 26.00 | 112.00 | 138.00 | OK | |
r-oldrel-macos-arm64 | 1.0.7 | 62.00 | NOTE | |||
r-oldrel-macos-x86_64 | 1.0.7 | 120.00 | NOTE | |||
r-oldrel-windows-x86_64 | 1.0.7 | 34.00 | 136.00 | 170.00 | NOTE |
Version: 1.0.7
Check: installed package size
Result: NOTE
installed size is 6.4Mb
sub-directories of 1Mb or more:
data 6.0Mb
Flavors: r-oldrel-macos-arm64, r-oldrel-macos-x86_64, r-oldrel-windows-x86_64