Last updated on 2025-05-10 13:49:50 CEST.
Flavor | Version | Tinstall | Tcheck | Ttotal | Status | Flags |
---|---|---|---|---|---|---|
r-devel-linux-x86_64-debian-clang | 1.0.0 | 17.32 | 187.85 | 205.17 | NOTE | |
r-devel-linux-x86_64-debian-gcc | 1.0.0 | 12.96 | 128.65 | 141.61 | NOTE | |
r-devel-linux-x86_64-fedora-clang | 1.0.0 | 343.60 | NOTE | |||
r-devel-linux-x86_64-fedora-gcc | 1.0.0 | 317.12 | NOTE | |||
r-devel-windows-x86_64 | 1.0.0 | 20.00 | 182.00 | 202.00 | NOTE | |
r-patched-linux-x86_64 | 1.0.0 | 16.54 | 175.40 | 191.94 | NOTE | |
r-release-linux-x86_64 | 1.0.0 | 15.68 | 175.11 | 190.79 | NOTE | |
r-release-macos-arm64 | 1.0.0 | 90.00 | NOTE | |||
r-release-macos-x86_64 | 1.0.0 | 187.00 | NOTE | |||
r-release-windows-x86_64 | 1.0.0 | 19.00 | 183.00 | 202.00 | NOTE | |
r-oldrel-macos-arm64 | 1.0.0 | 85.00 | NOTE | |||
r-oldrel-macos-x86_64 | 1.0.0 | 148.00 | NOTE | |||
r-oldrel-windows-x86_64 | 1.0.0 | 26.00 | 241.00 | 267.00 | NOTE |
Version: 1.0.0
Check: Rd files
Result: NOTE
checkRd: (-1) compdesc.Rd:24: Lost braces in \itemize; \value handles \item{}{} directly
checkRd: (-1) compdesc.Rd:25: Lost braces in \itemize; \value handles \item{}{} directly
checkRd: (-1) compdesc.Rd:26: Lost braces in \itemize; \value handles \item{}{} directly
checkRd: (-1) compdesc.Rd:27: Lost braces in \itemize; \value handles \item{}{} directly
checkRd: (-1) compdesc.Rd:28: Lost braces in \itemize; \value handles \item{}{} directly
checkRd: (-1) compdesc.Rd:29: Lost braces in \itemize; \value handles \item{}{} directly
checkRd: (-1) compdesc.Rd:30: Lost braces in \itemize; \value handles \item{}{} directly
checkRd: (-1) compdesc.Rd:31: Lost braces in \itemize; \value handles \item{}{} directly
checkRd: (-1) compdesc.Rd:32: Lost braces in \itemize; \value handles \item{}{} directly
Flavors: r-devel-linux-x86_64-debian-clang, r-devel-linux-x86_64-debian-gcc, r-devel-linux-x86_64-fedora-clang, r-devel-linux-x86_64-fedora-gcc, r-devel-windows-x86_64, r-patched-linux-x86_64, r-release-linux-x86_64, r-release-macos-arm64, r-release-macos-x86_64, r-release-windows-x86_64, r-oldrel-macos-arm64, r-oldrel-macos-x86_64, r-oldrel-windows-x86_64