Last updated on 2025-05-10 16:52:45 CEST.
Flavor | Version | Tinstall | Tcheck | Ttotal | Status | Flags |
---|---|---|---|---|---|---|
r-devel-linux-x86_64-debian-clang | 1.0.8 | 15.64 | 31.71 | 47.35 | NOTE | |
r-devel-linux-x86_64-debian-gcc | 1.0.8 | 9.45 | 24.76 | 34.21 | NOTE | |
r-devel-linux-x86_64-fedora-clang | 1.0.8 | 128.61 | NOTE | |||
r-devel-linux-x86_64-fedora-gcc | 1.0.8 | 71.20 | NOTE | |||
r-devel-windows-x86_64 | 1.0.8 | 21.00 | 70.00 | 91.00 | OK | |
r-patched-linux-x86_64 | 1.0.8 | 12.63 | 28.31 | 40.94 | NOTE | |
r-release-linux-x86_64 | 1.0.8 | 12.56 | 28.72 | 41.28 | NOTE | |
r-release-macos-arm64 | 1.0.8 | 58.00 | NOTE | |||
r-release-macos-x86_64 | 1.0.8 | 105.00 | NOTE | |||
r-release-windows-x86_64 | 1.0.8 | 19.00 | 69.00 | 88.00 | OK | |
r-oldrel-macos-arm64 | 1.0.8 | 51.00 | NOTE | |||
r-oldrel-macos-x86_64 | 1.0.8 | 90.00 | NOTE | |||
r-oldrel-windows-x86_64 | 1.0.8 | 87.00 | 84.00 | 171.00 | OK |
Version: 1.0.8
Check: C++ specification
Result: NOTE
Specified C++11: please drop specification unless essential
Flavors: r-devel-linux-x86_64-debian-clang, r-devel-linux-x86_64-debian-gcc, r-devel-linux-x86_64-fedora-clang, r-devel-linux-x86_64-fedora-gcc, r-patched-linux-x86_64, r-release-linux-x86_64, r-release-macos-arm64, r-release-macos-x86_64, r-oldrel-macos-arm64, r-oldrel-macos-x86_64