Last updated on 2025-05-10 20:49:56 CEST.
Flavor | Version | Tinstall | Tcheck | Ttotal | Status | Flags |
---|---|---|---|---|---|---|
r-devel-linux-x86_64-debian-clang | 0.0.6 | 3.81 | 51.28 | 55.09 | OK | |
r-devel-linux-x86_64-debian-gcc | 0.0.6 | 2.47 | 34.71 | 37.18 | OK | |
r-devel-linux-x86_64-fedora-clang | 0.0.6 | 82.89 | NOTE | |||
r-devel-linux-x86_64-fedora-gcc | 0.0.6 | 82.89 | NOTE | |||
r-devel-windows-x86_64 | 0.0.6 | 6.00 | 62.00 | 68.00 | OK | |
r-patched-linux-x86_64 | 0.0.6 | 3.37 | 46.79 | 50.16 | OK | |
r-release-linux-x86_64 | 0.0.6 | 3.33 | 46.76 | 50.09 | OK | |
r-release-macos-arm64 | 0.0.6 | 26.00 | OK | |||
r-release-macos-x86_64 | 0.0.6 | 49.00 | OK | |||
r-release-windows-x86_64 | 0.0.6 | 6.00 | 63.00 | 69.00 | OK | |
r-oldrel-macos-arm64 | 0.0.6 | 30.00 | OK | |||
r-oldrel-macos-x86_64 | 0.0.6 | 48.00 | OK | |||
r-oldrel-windows-x86_64 | 0.0.6 | 7.00 | 79.00 | 86.00 | OK |
Version: 0.0.6
Check: dependencies in R code
Result: NOTE
Namespaces in Imports field not imported from:
‘methods’ ‘survival’
All declared Imports should be used.
Flavors: r-devel-linux-x86_64-fedora-clang, r-devel-linux-x86_64-fedora-gcc