Last updated on 2025-05-10 16:52:45 CEST.
Flavor | Version | Tinstall | Tcheck | Ttotal | Status | Flags |
---|---|---|---|---|---|---|
r-devel-linux-x86_64-debian-clang | 0.11.0 | 76.34 | 62.94 | 139.28 | OK | |
r-devel-linux-x86_64-debian-gcc | 0.11.0 | 63.84 | 45.81 | 109.65 | OK | |
r-devel-linux-x86_64-fedora-clang | 0.11.0 | 250.48 | OK | |||
r-devel-linux-x86_64-fedora-gcc | 0.11.0 | 291.47 | OK | |||
r-devel-windows-x86_64 | 0.11.0 | 107.00 | 566.00 | 673.00 | OK | |
r-patched-linux-x86_64 | 0.11.0 | 86.76 | 58.43 | 145.19 | OK | |
r-release-linux-x86_64 | 0.11.0 | 85.42 | 57.24 | 142.66 | OK | |
r-release-macos-arm64 | 0.11.0 | 75.00 | OK | |||
r-release-macos-x86_64 | 0.11.0 | 152.00 | OK | |||
r-release-windows-x86_64 | 0.11.0 | 110.00 | 589.00 | 699.00 | OK | |
r-oldrel-macos-arm64 | 0.11.0 | 187.00 | NOTE | |||
r-oldrel-macos-x86_64 | 0.11.0 | 160.00 | NOTE | |||
r-oldrel-windows-x86_64 | 0.11.0 | 114.00 | 784.00 | 898.00 | NOTE |
Version: 0.11.0
Check: installed package size
Result: NOTE
installed size is 62.5Mb
sub-directories of 1Mb or more:
extdata 2.8Mb
libs 58.2Mb
Flavors: r-oldrel-macos-arm64, r-oldrel-macos-x86_64, r-oldrel-windows-x86_64