CRAN Package Check Results for Package vader

Last updated on 2025-05-10 16:52:45 CEST.

Flavor Version Tinstall Tcheck Ttotal Status Flags
r-devel-linux-x86_64-debian-clang 0.2.1 3.32 29.54 32.86 NOTE
r-devel-linux-x86_64-debian-gcc 0.2.1 2.71 23.06 25.77 NOTE
r-devel-linux-x86_64-fedora-clang 0.2.1 52.39 NOTE
r-devel-linux-x86_64-fedora-gcc 0.2.1 50.06 NOTE
r-devel-windows-x86_64 0.2.1 5.00 53.00 58.00 NOTE
r-patched-linux-x86_64 0.2.1 2.09 28.62 30.71 NOTE
r-release-linux-x86_64 0.2.1 3.06 28.96 32.02 NOTE
r-release-macos-arm64 0.2.1 21.00 NOTE
r-release-macos-x86_64 0.2.1 34.00 NOTE
r-release-windows-x86_64 0.2.1 4.00 55.00 59.00 NOTE
r-oldrel-macos-arm64 0.2.1 19.00 NOTE
r-oldrel-macos-x86_64 0.2.1 28.00 NOTE
r-oldrel-windows-x86_64 0.2.1 6.00 58.00 64.00 NOTE

Check Details

Version: 0.2.1
Check: package subdirectories
Result: NOTE Problems with news in ‘NEWS.md’: No news entries found. Flavors: r-devel-linux-x86_64-debian-clang, r-devel-linux-x86_64-debian-gcc, r-devel-linux-x86_64-fedora-clang, r-devel-linux-x86_64-fedora-gcc, r-devel-windows-x86_64, r-patched-linux-x86_64, r-release-linux-x86_64, r-release-macos-arm64, r-release-macos-x86_64, r-release-windows-x86_64, r-oldrel-macos-arm64, r-oldrel-macos-x86_64, r-oldrel-windows-x86_64

Version: 0.2.1
Check: LazyData
Result: NOTE 'LazyData' is specified without a 'data' directory Flavors: r-oldrel-macos-arm64, r-oldrel-macos-x86_64, r-oldrel-windows-x86_64