Last updated on 2025-05-10 08:50:54 CEST.
Flavor | Version | Tinstall | Tcheck | Ttotal | Status | Flags |
---|---|---|---|---|---|---|
r-devel-linux-x86_64-debian-clang | 0.3.0 | 3.04 | 28.44 | 31.48 | NOTE | |
r-devel-linux-x86_64-debian-gcc | 0.3.0 | 2.04 | 21.82 | 23.86 | NOTE | |
r-devel-linux-x86_64-fedora-clang | 0.3.0 | 50.03 | NOTE | |||
r-devel-linux-x86_64-fedora-gcc | 0.3.0 | 46.45 | NOTE | |||
r-devel-windows-x86_64 | 0.3.0 | 5.00 | 49.00 | 54.00 | NOTE | |
r-patched-linux-x86_64 | 0.3.0 | 2.98 | 27.46 | 30.44 | NOTE | |
r-release-linux-x86_64 | 0.3.0 | 2.44 | 27.40 | 29.84 | NOTE | |
r-release-macos-arm64 | 0.3.0 | 19.00 | NOTE | |||
r-release-macos-x86_64 | 0.3.0 | 32.00 | NOTE | |||
r-release-windows-x86_64 | 0.3.0 | 5.00 | 51.00 | 56.00 | NOTE | |
r-oldrel-macos-arm64 | 0.3.0 | 19.00 | OK | |||
r-oldrel-macos-x86_64 | 0.3.0 | 28.00 | OK | |||
r-oldrel-windows-x86_64 | 0.3.0 | 6.00 | 55.00 | 61.00 | OK |
Version: 0.3.0
Check: DESCRIPTION meta-information
Result: NOTE
Missing dependency on R >= 4.1.0 because package code uses the pipe
|> or function shorthand \(...) syntax added in R 4.1.0.
File(s) using such syntax:
‘build_model.coxph.Rd’ ‘build_table.coxph.Rd’ ‘build_table.lm.Rd’
Flavors: r-devel-linux-x86_64-debian-clang, r-devel-linux-x86_64-debian-gcc, r-devel-linux-x86_64-fedora-clang, r-devel-linux-x86_64-fedora-gcc, r-devel-windows-x86_64, r-patched-linux-x86_64, r-release-linux-x86_64, r-release-macos-arm64, r-release-macos-x86_64, r-release-windows-x86_64