Last updated on 2025-05-10 20:49:56 CEST.
Flavor | Version | Tinstall | Tcheck | Ttotal | Status | Flags |
---|---|---|---|---|---|---|
r-devel-linux-x86_64-debian-clang | 3.0.3 | 2.78 | 53.51 | 56.29 | NOTE | |
r-devel-linux-x86_64-debian-gcc | 3.0.3 | 1.96 | 42.79 | 44.75 | NOTE | |
r-devel-linux-x86_64-fedora-clang | 3.0.3 | 86.82 | OK | |||
r-devel-linux-x86_64-fedora-gcc | 3.0.3 | 97.16 | OK | |||
r-devel-windows-x86_64 | 3.0.3 | 3.00 | 94.00 | 97.00 | NOTE | |
r-patched-linux-x86_64 | 3.0.3 | 2.75 | 50.79 | 53.54 | NOTE | |
r-release-linux-x86_64 | 3.0.3 | 2.73 | 51.01 | 53.74 | NOTE | |
r-release-macos-arm64 | 3.0.3 | 43.00 | OK | |||
r-release-macos-x86_64 | 3.0.3 | 72.00 | OK | |||
r-release-windows-x86_64 | 3.0.3 | 7.00 | 96.00 | 103.00 | NOTE | |
r-oldrel-macos-arm64 | 3.0.3 | 36.00 | OK | |||
r-oldrel-macos-x86_64 | 3.0.3 | 94.00 | OK | |||
r-oldrel-windows-x86_64 | 3.0.3 | 4.00 | 104.00 | 108.00 | OK |
Version: 3.0.3
Check: Rd cross-references
Result: NOTE
Found the following Rd file(s) with Rd \link{} targets missing package
anchors:
usl.Rd: nlxb, nlsr
usl.solve.nlxb.Rd: nlxb
Please provide package anchors for all Rd \link{} targets not in the
package itself and the base packages.
Flavors: r-devel-linux-x86_64-debian-clang, r-devel-linux-x86_64-debian-gcc, r-devel-windows-x86_64, r-patched-linux-x86_64, r-release-linux-x86_64, r-release-windows-x86_64