Last updated on 2025-05-10 20:49:56 CEST.
Flavor | Version | Tinstall | Tcheck | Ttotal | Status | Flags |
---|---|---|---|---|---|---|
r-devel-linux-x86_64-debian-clang | 2.1-7 | 32.51 | 236.44 | 268.95 | NOTE | |
r-devel-linux-x86_64-debian-gcc | 2.1-7 | 20.97 | 148.78 | 169.75 | NOTE | |
r-devel-linux-x86_64-fedora-clang | 2.1-7 | 426.54 | OK | |||
r-devel-linux-x86_64-fedora-gcc | 2.1-7 | 416.82 | OK | |||
r-devel-windows-x86_64 | 2.1-7 | 30.00 | 179.00 | 209.00 | OK | |
r-patched-linux-x86_64 | 2.1-7 | 30.91 | 226.73 | 257.64 | OK | |
r-release-linux-x86_64 | 2.1-7 | 31.57 | 225.71 | 257.28 | OK | |
r-release-macos-arm64 | 2.1-7 | 92.00 | OK | |||
r-release-macos-x86_64 | 2.1-7 | 228.00 | OK | |||
r-release-windows-x86_64 | 2.1-7 | 31.00 | 187.00 | 218.00 | OK | |
r-oldrel-macos-arm64 | 2.1-7 | 86.00 | OK | |||
r-oldrel-macos-x86_64 | 2.1-7 | 176.00 | OK | |||
r-oldrel-windows-x86_64 | 2.1-7 | 45.00 | 259.00 | 304.00 | OK |
Version: 2.1-7
Check: CRAN incoming feasibility
Result: NOTE
Maintainer: ‘Babak Naimi <naimi.b@gmail.com>’
No Authors@R field in DESCRIPTION.
Please add one, modifying
Authors@R: person(given = "Babak",
family = "Naimi",
role = c("aut", "cre"),
email = "naimi.b@gmail.com")
as necessary.
Flavors: r-devel-linux-x86_64-debian-clang, r-devel-linux-x86_64-debian-gcc