CRAN Package Check Results for Package unmconf

Last updated on 2025-07-28 20:49:27 CEST.

Flavor Version Tinstall Tcheck Ttotal Status Flags
r-devel-linux-x86_64-debian-clang 1.0.0 4.11 94.09 98.20 NOTE
r-devel-linux-x86_64-debian-gcc 1.0.0 3.26 63.24 66.50 NOTE
r-devel-linux-x86_64-fedora-clang 1.0.0 157.71 NOTE
r-devel-linux-x86_64-fedora-gcc 1.0.0 170.79 NOTE
r-devel-windows-x86_64 1.0.0 5.00 126.00 131.00 NOTE
r-patched-linux-x86_64 1.0.0 4.13 90.24 94.37 NOTE
r-release-linux-x86_64 1.0.0 3.93 91.79 95.72 NOTE
r-release-macos-arm64 1.0.0 53.00 NOTE
r-release-macos-x86_64 1.0.0 111.00 NOTE
r-release-windows-x86_64 1.0.0 8.00 115.00 123.00 NOTE
r-oldrel-macos-arm64 1.0.0 54.00 OK
r-oldrel-macos-x86_64 1.0.0 99.00 OK
r-oldrel-windows-x86_64 1.0.0 8.00 143.00 151.00 OK

Check Details

Version: 1.0.0
Check: DESCRIPTION meta-information
Result: NOTE Missing dependency on R >= 4.1.0 because package code uses the pipe |> or function shorthand \(...) syntax added in R 4.1.0. File(s) using such syntax: ‘runm.Rd’ ‘unm_summary.R’ Flavors: r-devel-linux-x86_64-debian-clang, r-devel-linux-x86_64-debian-gcc, r-devel-linux-x86_64-fedora-clang, r-devel-linux-x86_64-fedora-gcc, r-devel-windows-x86_64, r-patched-linux-x86_64, r-release-linux-x86_64, r-release-macos-arm64, r-release-windows-x86_64

Version: 1.0.0
Check: DESCRIPTION meta-information
Result: NOTE Missing dependency on R >= 4.1.0 because package code uses the pipe |> or function shorthand \(...) syntax added in R 4.1.0. File(s) using such syntax: ‘unm_summary.R’ Flavor: r-release-macos-x86_64