Last updated on 2025-05-10 08:50:54 CEST.
Flavor | Version | Tinstall | Tcheck | Ttotal | Status | Flags |
---|---|---|---|---|---|---|
r-devel-linux-x86_64-debian-clang | 0.4 | 6.76 | 56.39 | 63.15 | NOTE | |
r-devel-linux-x86_64-debian-gcc | 0.4 | 5.87 | 42.45 | 48.32 | NOTE | |
r-devel-linux-x86_64-fedora-clang | 0.4 | 89.09 | OK | |||
r-devel-linux-x86_64-fedora-gcc | 0.4 | 96.97 | OK | |||
r-devel-windows-x86_64 | 0.4 | 8.00 | 69.00 | 77.00 | OK | |
r-patched-linux-x86_64 | 0.4 | 7.48 | 52.66 | 60.14 | OK | |
r-release-linux-x86_64 | 0.4 | 6.75 | 53.13 | 59.88 | OK | |
r-release-macos-arm64 | 0.4 | 30.00 | OK | |||
r-release-macos-x86_64 | 0.4 | 51.00 | OK | |||
r-release-windows-x86_64 | 0.4 | 9.00 | 79.00 | 88.00 | OK | |
r-oldrel-macos-arm64 | 0.4 | 30.00 | OK | |||
r-oldrel-macos-x86_64 | 0.4 | 43.00 | OK | |||
r-oldrel-windows-x86_64 | 0.4 | 10.00 | 87.00 | 97.00 | OK |
Version: 0.4
Check: CRAN incoming feasibility
Result: NOTE
Maintainer: ‘Marcello D'Orazio <mdo.statmatch@gmail.com>’
No Authors@R field in DESCRIPTION.
Please add one, modifying
Authors@R: person(given = "Marcello",
family = "D'Orazio",
role = c("aut", "cre"),
email = "mdo.statmatch@gmail.com")
as necessary.
Flavors: r-devel-linux-x86_64-debian-clang, r-devel-linux-x86_64-debian-gcc