CRAN Package Check Results for Package unifed

Last updated on 2025-07-22 17:50:48 CEST.

Flavor Version Tinstall Tcheck Ttotal Status Flags
r-devel-linux-x86_64-debian-clang 1.1.6 2.95 31.31 34.26 NOTE
r-devel-linux-x86_64-debian-gcc 1.1.6 2.50 25.65 28.15 NOTE
r-devel-linux-x86_64-fedora-clang 1.1.6 55.98 OK
r-devel-linux-x86_64-fedora-gcc 1.1.6 65.36 OK
r-devel-windows-x86_64 1.1.6 6.00 155.00 161.00 OK
r-patched-linux-x86_64 1.1.6 3.19 29.56 32.75 OK
r-release-linux-x86_64 1.1.6 2.86 29.40 32.26 OK
r-release-macos-arm64 1.1.6 33.00 OK
r-release-macos-x86_64 1.1.6 53.00 OK
r-release-windows-x86_64 1.1.6 6.00 65.00 71.00 OK
r-oldrel-macos-arm64 1.1.6 27.00 OK
r-oldrel-macos-x86_64 1.1.6 44.00 OK
r-oldrel-windows-x86_64 1.1.6 6.00 64.00 70.00 OK

Check Details

Version: 1.1.6
Check: CRAN incoming feasibility
Result: NOTE Maintainer: ‘Oscar Alberto Quijano Xacur <oscar.quijano@use.startmail.com>’ No Authors@R field in DESCRIPTION. Please add one, modifying Authors@R: person(given = c("Oscar", "Alberto", "Quijano"), family = "Xacur", role = c("aut", "cre"), email = "oscar.quijano@use.startmail.com") as necessary. Package CITATION file contains call(s) to old-style citEntry(). Please use bibentry() instead. Flavors: r-devel-linux-x86_64-debian-clang, r-devel-linux-x86_64-debian-gcc