CRAN Package Check Results for Package uni.survival.tree

Last updated on 2025-07-24 21:50:01 CEST.

Flavor Version Tinstall Tcheck Ttotal Status Flags
r-devel-linux-x86_64-debian-clang 1.5 6.79 53.18 59.97 NOTE
r-devel-linux-x86_64-debian-gcc 1.5 4.95 39.70 44.65 NOTE
r-devel-linux-x86_64-fedora-clang 1.5 98.28 OK
r-devel-linux-x86_64-fedora-gcc 1.5 88.95 OK
r-devel-windows-x86_64 1.5 8.00 0.00 8.00 FAIL
r-patched-linux-x86_64 1.5 6.10 50.52 56.62 OK
r-release-linux-x86_64 1.5 5.98 50.67 56.65 OK
r-release-macos-arm64 1.5 32.00 OK
r-release-macos-x86_64 1.5 59.00 OK
r-release-windows-x86_64 1.5 8.00 68.00 76.00 OK
r-oldrel-macos-arm64 1.5 30.00 NOTE
r-oldrel-macos-x86_64 1.5 45.00 NOTE
r-oldrel-windows-x86_64 1.5 10.00 77.00 87.00 NOTE

Check Details

Version: 1.5
Check: CRAN incoming feasibility
Result: NOTE Maintainer: ‘Takeshi Emura <takeshiemura@gmail.com>’ No Authors@R field in DESCRIPTION. Please add one, modifying Authors@R: c(person(given = "Takeshi", family = "Emura", role = c("aut", "cre"), email = "takeshiemura@gmail.com"), person(given = "Wei-Chern", family = "Hsu", role = "aut")) as necessary. Flavors: r-devel-linux-x86_64-debian-clang, r-devel-linux-x86_64-debian-gcc

Version: 1.5
Check: PDF version of manual
Result: FAIL Check process probably crashed or hung up for 20 minutes ... killed Most likely this happened in the example checks (?), if not, ignore the following last lines of example output: Information node_status: terminal node Risk score: -1.1111 P-value: 0.0152588792096465 samplesize: 41 condition: IRF4<=3 & PON3<=3 & ME3>2 & ODC1>3 & CYP1B1>1 > > > > ### * <FOOTER> > ### > cleanEx() > options(digits = 7L) > base::cat("Time elapsed: ", proc.time() - base::get("ptime", pos = 'CheckExEnv'),"\n") Time elapsed: 3.41 0.19 3.61 NA NA > grDevices::dev.off() null device 1 > ### > ### Local variables: *** > ### mode: outline-minor *** > ### outline-regexp: "\\(> \\)?### [*]+" *** > ### End: *** > quit('no') ======== End of example output (where/before crash/hang up occured ?) ======== Flavor: r-devel-windows-x86_64

Version: 1.5
Check: LazyData
Result: NOTE 'LazyData' is specified without a 'data' directory Flavors: r-oldrel-macos-arm64, r-oldrel-macos-x86_64, r-oldrel-windows-x86_64