Last updated on 2025-05-10 20:49:56 CEST.
Flavor | Version | Tinstall | Tcheck | Ttotal | Status | Flags |
---|---|---|---|---|---|---|
r-devel-linux-x86_64-debian-clang | 1.4.4 | 39.06 | 97.22 | 136.28 | OK | |
r-devel-linux-x86_64-debian-gcc | 1.4.4 | 29.30 | 77.49 | 106.79 | OK | |
r-devel-linux-x86_64-fedora-clang | 1.4.4 | 227.19 | OK | |||
r-devel-linux-x86_64-fedora-gcc | 1.4.4 | 241.04 | OK | |||
r-devel-windows-x86_64 | 1.4.4 | 39.00 | 148.00 | 187.00 | OK | |
r-patched-linux-x86_64 | 1.4.4 | 39.51 | 101.65 | 141.16 | OK | |
r-release-linux-x86_64 | 1.4.4 | 35.56 | 101.02 | 136.58 | OK | |
r-release-macos-arm64 | 1.4.4 | 76.00 | OK | |||
r-release-macos-x86_64 | 1.4.4 | 200.00 | OK | |||
r-release-windows-x86_64 | 1.4.4 | 39.00 | 149.00 | 188.00 | OK | |
r-oldrel-macos-arm64 | 1.4.4 | 69.00 | NOTE | |||
r-oldrel-macos-x86_64 | 1.4.4 | 104.00 | NOTE | |||
r-oldrel-windows-x86_64 | 1.4.4 | 47.00 | 176.00 | 223.00 | OK |
Version: 1.4.4
Check: installed package size
Result: NOTE
installed size is 13.9Mb
sub-directories of 1Mb or more:
libs 13.2Mb
Flavors: r-oldrel-macos-arm64, r-oldrel-macos-x86_64