CRAN Package Check Results for Package unbalhaar

Last updated on 2025-05-10 20:49:56 CEST.

Flavor Version Tinstall Tcheck Ttotal Status Flags
r-devel-linux-x86_64-debian-clang 2.1 2.01 19.89 21.90 NOTE
r-devel-linux-x86_64-debian-gcc 2.1 1.67 15.94 17.61 NOTE
r-devel-linux-x86_64-fedora-clang 2.1 34.87 OK
r-devel-linux-x86_64-fedora-gcc 2.1 34.35 OK
r-devel-windows-x86_64 2.1 3.00 40.00 43.00 OK
r-patched-linux-x86_64 2.1 2.27 19.41 21.68 OK
r-release-linux-x86_64 2.1 2.04 19.43 21.47 OK
r-release-macos-arm64 2.1 15.00 OK
r-release-macos-x86_64 2.1 30.00 OK
r-release-windows-x86_64 2.1 4.00 44.00 48.00 OK
r-oldrel-macos-arm64 2.1 14.00 OK
r-oldrel-macos-x86_64 2.1 20.00 OK
r-oldrel-windows-x86_64 2.1 3.00 39.00 42.00 OK

Check Details

Version: 2.1
Check: CRAN incoming feasibility
Result: NOTE Maintainer: ‘Piotr Fryzlewicz <p.fryzlewicz@lse.ac.uk>’ No Authors@R field in DESCRIPTION. Please add one, modifying Authors@R: person(given = "Piotr", family = "Fryzlewicz", role = c("aut", "cre"), email = "p.fryzlewicz@lse.ac.uk") as necessary. Flavors: r-devel-linux-x86_64-debian-clang, r-devel-linux-x86_64-debian-gcc