Last updated on 2025-10-17 01:49:46 CEST.
Flavor | Version | Tinstall | Tcheck | Ttotal | Status | Flags |
---|---|---|---|---|---|---|
r-devel-linux-x86_64-debian-clang | 0.1.1 | 6.98 | 63.96 | 70.94 | NOTE | |
r-devel-linux-x86_64-debian-gcc | 0.1.1 | 5.29 | 45.78 | 51.07 | NOTE | |
r-devel-linux-x86_64-fedora-clang | 0.1.1 | 118.77 | NOTE | |||
r-devel-linux-x86_64-fedora-gcc | 0.1.1 | 107.67 | NOTE | |||
r-devel-windows-x86_64 | 0.1.1 | 9.00 | 72.00 | 81.00 | NOTE | |
r-patched-linux-x86_64 | 0.1.1 | 7.69 | 60.84 | 68.53 | NOTE | |
r-release-linux-x86_64 | 0.1.1 | 7.28 | 60.83 | 68.11 | NOTE | |
r-release-macos-arm64 | 0.1.1 | 29.00 | NOTE | |||
r-release-macos-x86_64 | 0.1.1 | 60.00 | NOTE | |||
r-release-windows-x86_64 | 0.1.1 | 9.00 | 73.00 | 82.00 | NOTE | |
r-oldrel-macos-arm64 | 0.1.1 | 28.00 | OK | |||
r-oldrel-macos-x86_64 | 0.1.1 | 56.00 | OK | |||
r-oldrel-windows-x86_64 | 0.1.1 | 11.00 | 87.00 | 98.00 | OK |
Version: 0.1.1
Check: DESCRIPTION meta-information
Result: NOTE
Missing dependency on R >= 4.1.0 because package code uses the pipe
|> or function shorthand \(...) syntax added in R 4.1.0.
File(s) using such syntax:
‘readtextgrid.R’
Flavors: r-devel-linux-x86_64-debian-clang, r-devel-linux-x86_64-debian-gcc, r-devel-linux-x86_64-fedora-clang, r-devel-linux-x86_64-fedora-gcc, r-devel-windows-x86_64, r-patched-linux-x86_64, r-release-linux-x86_64, r-release-macos-arm64, r-release-macos-x86_64, r-release-windows-x86_64