Last updated on 2025-05-10 20:49:56 CEST.
Flavor | Version | Tinstall | Tcheck | Ttotal | Status | Flags |
---|---|---|---|---|---|---|
r-devel-linux-x86_64-debian-clang | 2.1.0 | 18.96 | 146.48 | 165.44 | OK | |
r-devel-linux-x86_64-debian-gcc | 2.1.0 | 12.30 | 101.89 | 114.19 | OK | |
r-devel-linux-x86_64-fedora-clang | 2.1.0 | 270.44 | OK | |||
r-devel-linux-x86_64-fedora-gcc | 2.1.0 | 267.53 | OK | |||
r-devel-windows-x86_64 | 2.1.0 | 20.00 | 164.00 | 184.00 | OK | |
r-patched-linux-x86_64 | 2.1.0 | 19.98 | 134.72 | 154.70 | OK | |
r-release-linux-x86_64 | 2.1.0 | 14.53 | 133.00 | 147.53 | OK | |
r-release-macos-arm64 | 2.1.0 | 77.00 | OK | |||
r-release-macos-x86_64 | 2.1.0 | 175.00 | OK | |||
r-release-windows-x86_64 | 2.1.0 | 24.00 | 163.00 | 187.00 | OK | |
r-oldrel-macos-arm64 | 2.1.0 | 94.00 | NOTE | |||
r-oldrel-macos-x86_64 | 2.1.0 | 186.00 | NOTE | |||
r-oldrel-windows-x86_64 | 2.1.0 | 29.00 | 207.00 | 236.00 | NOTE |
Version: 2.1.0
Check: installed package size
Result: NOTE
installed size is 7.2Mb
sub-directories of 1Mb or more:
doc 4.5Mb
ubinc 2.0Mb
Flavors: r-oldrel-macos-arm64, r-oldrel-macos-x86_64, r-oldrel-windows-x86_64