Last updated on 2025-05-10 13:49:49 CEST.
Flavor | Version | Tinstall | Tcheck | Ttotal | Status | Flags |
---|---|---|---|---|---|---|
r-devel-linux-x86_64-debian-clang | 1.0 | 13.10 | 114.62 | 127.72 | NOTE | |
r-devel-linux-x86_64-debian-gcc | 1.0 | 10.53 | 88.11 | 98.64 | NOTE | |
r-devel-linux-x86_64-fedora-clang | 1.0 | 227.16 | OK | |||
r-devel-linux-x86_64-fedora-gcc | 1.0 | 217.06 | OK | |||
r-devel-windows-x86_64 | 1.0 | 15.00 | 98.00 | 113.00 | OK | |
r-patched-linux-x86_64 | 1.0 | 12.49 | 109.51 | 122.00 | OK | |
r-release-linux-x86_64 | 1.0 | 12.35 | 109.55 | 121.90 | OK | |
r-release-macos-arm64 | 1.0 | 103.00 | OK | |||
r-release-macos-x86_64 | 1.0 | 128.00 | OK | |||
r-release-windows-x86_64 | 1.0 | 19.00 | 121.00 | 140.00 | OK | |
r-oldrel-macos-arm64 | 1.0 | 97.00 | OK | |||
r-oldrel-macos-x86_64 | 1.0 | 96.00 | OK | |||
r-oldrel-windows-x86_64 | 1.0 | 20.00 | 122.00 | 142.00 | OK |
Version: 1.0
Check: CRAN incoming feasibility
Result: NOTE
Maintainer: ‘Paul TERNYNCK <ternynck@lisic.univ-littoral.fr>’
Found the following URLs which should use \doi (with the DOI name only):
File ‘MarelCarnot.Rd’:
http://doi.org/10.17882/39754
Flavors: r-devel-linux-x86_64-debian-clang, r-devel-linux-x86_64-debian-gcc