CRAN Package Check Results for Package tzupdater

Last updated on 2025-10-27 00:48:58 CET.

Flavor Version Tinstall Tcheck Ttotal Status Flags
r-devel-linux-x86_64-debian-clang 0.1.5 1.73 18.75 20.48 NOTE
r-devel-linux-x86_64-debian-gcc 0.1.5 1.48 15.51 16.99 NOTE
r-devel-linux-x86_64-fedora-clang 0.1.5 31.21 OK
r-devel-linux-x86_64-fedora-gcc 0.1.5 28.88 OK
r-devel-windows-x86_64 0.1.5 2.00 42.00 44.00 OK
r-patched-linux-x86_64 0.1.5 1.89 17.50 19.39 OK
r-release-linux-x86_64 0.1.5 1.75 17.46 19.21 OK
r-release-macos-arm64 0.1.5 1.00 23.00 24.00 OK
r-release-macos-x86_64 0.1.5 2.00 24.00 26.00 OK
r-release-windows-x86_64 0.1.5 2.00 43.00 45.00 OK
r-oldrel-macos-arm64 0.1.5 1.00 15.00 16.00 OK
r-oldrel-macos-x86_64 0.1.5 1.00 22.00 23.00 OK
r-oldrel-windows-x86_64 0.1.5 3.00 41.00 44.00 OK

Check Details

Version: 0.1.5
Check: CRAN incoming feasibility
Result: NOTE Maintainer: ‘Sebastien Thonnard <sebastien.thonnard@icloud.com>’ No Authors@R field in DESCRIPTION. Please add one, modifying Authors@R: person(given = "Sebastien", family = "Thonnard", role = c("aut", "cre"), email = "sebastien.thonnard@icloud.com") as necessary. Flavors: r-devel-linux-x86_64-debian-clang, r-devel-linux-x86_64-debian-gcc