Last updated on 2025-05-10 16:52:45 CEST.
Flavor | Version | Tinstall | Tcheck | Ttotal | Status | Flags |
---|---|---|---|---|---|---|
r-devel-linux-x86_64-debian-clang | 0.6.3 | 2.10 | 21.67 | 23.77 | NOTE | |
r-devel-linux-x86_64-debian-gcc | 0.6.3 | 1.65 | 17.57 | 19.22 | NOTE | |
r-devel-linux-x86_64-fedora-clang | 0.6.3 | 37.60 | NOTE | |||
r-devel-linux-x86_64-fedora-gcc | 0.6.3 | 35.50 | NOTE | |||
r-devel-windows-x86_64 | 0.6.3 | 3.00 | 44.00 | 47.00 | NOTE | |
r-patched-linux-x86_64 | 0.6.3 | 2.33 | 20.50 | 22.83 | NOTE | |
r-release-linux-x86_64 | 0.6.3 | 2.10 | 20.49 | 22.59 | NOTE | |
r-release-macos-arm64 | 0.6.3 | 16.00 | NOTE | |||
r-release-macos-x86_64 | 0.6.3 | 25.00 | NOTE | |||
r-release-windows-x86_64 | 0.6.3 | 6.00 | 48.00 | 54.00 | NOTE | |
r-oldrel-macos-arm64 | 0.6.3 | 15.00 | NOTE | |||
r-oldrel-macos-x86_64 | 0.6.3 | 22.00 | NOTE | |||
r-oldrel-windows-x86_64 | 0.6.3 | 3.00 | 52.00 | 55.00 | NOTE |
Version: 0.6.3
Check: Rd files
Result: NOTE
checkRd: (-1) twoway.Rd:66: Lost braces
66 | code{\link{twoway.formula}}, code{\link[stats]{medpolish}}
| ^
checkRd: (-1) twoway.Rd:66: Lost braces
66 | code{\link{twoway.formula}}, code{\link[stats]{medpolish}}
| ^
Flavors: r-devel-linux-x86_64-debian-clang, r-devel-linux-x86_64-debian-gcc, r-devel-linux-x86_64-fedora-clang, r-devel-linux-x86_64-fedora-gcc, r-devel-windows-x86_64, r-patched-linux-x86_64, r-release-linux-x86_64, r-release-macos-arm64, r-release-macos-x86_64, r-release-windows-x86_64, r-oldrel-macos-arm64, r-oldrel-macos-x86_64, r-oldrel-windows-x86_64