Last updated on 2025-07-16 13:48:46 CEST.
Flavor | Version | Tinstall | Tcheck | Ttotal | Status | Flags |
---|---|---|---|---|---|---|
r-devel-linux-x86_64-debian-clang | 1.0 | 11.90 | 24.28 | 36.18 | NOTE | |
r-devel-linux-x86_64-debian-gcc | 1.0 | 8.78 | 19.68 | 28.46 | NOTE | |
r-devel-linux-x86_64-fedora-clang | 1.0 | 63.70 | NOTE | |||
r-devel-linux-x86_64-fedora-gcc | 1.0 | 56.78 | NOTE | |||
r-devel-windows-x86_64 | 1.0 | 14.00 | 76.00 | 90.00 | NOTE | |
r-patched-linux-x86_64 | 1.0 | 11.94 | 22.61 | 34.55 | NOTE | |
r-release-linux-x86_64 | 1.0 | 11.82 | 22.87 | 34.69 | NOTE | |
r-release-macos-arm64 | 1.0 | 20.00 | NOTE | |||
r-release-macos-x86_64 | 1.0 | 39.00 | NOTE | |||
r-release-windows-x86_64 | 1.0 | 14.00 | 86.00 | 100.00 | NOTE | |
r-oldrel-macos-arm64 | 1.0 | 23.00 | NOTE | |||
r-oldrel-macos-x86_64 | 1.0 | 33.00 | NOTE | |||
r-oldrel-windows-x86_64 | 1.0 | 14.00 | 84.00 | 98.00 | NOTE |
Version: 1.0
Check: C++ specification
Result: NOTE
Specified C++11: please drop specification unless essential
Flavors: r-devel-linux-x86_64-debian-clang, r-devel-linux-x86_64-debian-gcc, r-devel-linux-x86_64-fedora-clang, r-devel-linux-x86_64-fedora-gcc, r-devel-windows-x86_64, r-patched-linux-x86_64, r-release-linux-x86_64, r-release-macos-arm64, r-release-macos-x86_64, r-release-windows-x86_64, r-oldrel-macos-arm64, r-oldrel-macos-x86_64, r-oldrel-windows-x86_64