CRAN Package Check Results for Package turkeyelections

Last updated on 2025-05-10 20:49:56 CEST.

Flavor Version Tinstall Tcheck Ttotal Status Flags
r-devel-linux-x86_64-debian-clang 0.1.2 6.22 51.76 57.98 NOTE
r-devel-linux-x86_64-debian-gcc 0.1.2 4.30 37.41 41.71 NOTE
r-devel-linux-x86_64-fedora-clang 0.1.2 80.00 NOTE
r-devel-linux-x86_64-fedora-gcc 0.1.2 84.12 NOTE
r-devel-windows-x86_64 0.1.2 8.00 71.00 79.00 NOTE
r-patched-linux-x86_64 0.1.2 6.18 47.83 54.01 NOTE
r-release-linux-x86_64 0.1.2 5.20 48.46 53.66 NOTE
r-release-macos-arm64 0.1.2 28.00 NOTE
r-release-macos-x86_64 0.1.2 47.00 NOTE
r-release-windows-x86_64 0.1.2 8.00 75.00 83.00 NOTE
r-oldrel-macos-arm64 0.1.2 28.00 OK
r-oldrel-macos-x86_64 0.1.2 39.00 OK
r-oldrel-windows-x86_64 0.1.2 11.00 87.00 98.00 OK

Check Details

Version: 0.1.2
Check: DESCRIPTION meta-information
Result: NOTE Missing dependency on R >= 4.1.0 because package code uses the pipe |> or function shorthand \(...) syntax added in R 4.1.0. File(s) using such syntax: ‘show_parliament.R’ ‘show_province_and_party.R’ Flavors: r-devel-linux-x86_64-debian-clang, r-devel-linux-x86_64-debian-gcc, r-devel-linux-x86_64-fedora-clang, r-devel-linux-x86_64-fedora-gcc, r-devel-windows-x86_64, r-patched-linux-x86_64, r-release-linux-x86_64, r-release-macos-arm64, r-release-macos-x86_64, r-release-windows-x86_64