Last updated on 2025-05-10 08:50:54 CEST.
Flavor | Version | Tinstall | Tcheck | Ttotal | Status | Flags |
---|---|---|---|---|---|---|
r-devel-linux-x86_64-debian-clang | 1.0-1.1 | 1.66 | 18.25 | 19.91 | NOTE | |
r-devel-linux-x86_64-debian-gcc | 1.0-1.1 | 1.25 | 15.09 | 16.34 | NOTE | |
r-devel-linux-x86_64-fedora-clang | 1.0-1.1 | 31.12 | OK | |||
r-devel-linux-x86_64-fedora-gcc | 1.0-1.1 | 29.68 | OK | |||
r-devel-windows-x86_64 | 1.0-1.1 | 3.00 | 42.00 | 45.00 | OK | |
r-patched-linux-x86_64 | 1.0-1.1 | 1.72 | 17.45 | 19.17 | OK | |
r-release-linux-x86_64 | 1.0-1.1 | 1.62 | 17.65 | 19.27 | OK | |
r-release-macos-arm64 | 1.0-1.1 | 16.00 | OK | |||
r-release-macos-x86_64 | 1.0-1.1 | 25.00 | OK | |||
r-release-windows-x86_64 | 1.0-1.1 | 2.00 | 44.00 | 46.00 | OK | |
r-oldrel-macos-arm64 | 1.0-1.1 | 14.00 | OK | |||
r-oldrel-macos-x86_64 | 1.0-1.1 | 22.00 | OK | |||
r-oldrel-windows-x86_64 | 1.0-1.1 | 2.00 | 41.00 | 43.00 | OK |
Version: 1.0-1.1
Check: CRAN incoming feasibility
Result: NOTE
Maintainer: ‘Thorn Thaler <thorn.thaler@thothal.com>’
No Authors@R field in DESCRIPTION.
Please add one, modifying
Authors@R: person(given = "Thorn",
family = "Thaler",
role = c("aut", "cre"),
email = "thorn.thaler@thothal.com")
as necessary.
Flavors: r-devel-linux-x86_64-debian-clang, r-devel-linux-x86_64-debian-gcc