Last updated on 2025-05-10 16:52:45 CEST.
Flavor | Version | Tinstall | Tcheck | Ttotal | Status | Flags |
---|---|---|---|---|---|---|
r-devel-linux-x86_64-debian-clang | 0.1-13.1 | 4.66 | 23.72 | 28.38 | NOTE | |
r-devel-linux-x86_64-debian-gcc | 0.1-13.1 | 3.43 | 19.33 | 22.76 | NOTE | |
r-devel-linux-x86_64-fedora-clang | 0.1-13.1 | 43.35 | NOTE | |||
r-devel-linux-x86_64-fedora-gcc | 0.1-13.1 | 42.46 | NOTE | |||
r-devel-windows-x86_64 | 0.1-13.1 | 8.00 | 49.00 | 57.00 | OK | |
r-patched-linux-x86_64 | 0.1-13.1 | 3.95 | 23.21 | 27.16 | OK | |
r-release-linux-x86_64 | 0.1-13.1 | 3.72 | 23.00 | 26.72 | OK | |
r-release-macos-arm64 | 0.1-13.1 | 20.00 | OK | |||
r-release-macos-x86_64 | 0.1-13.1 | 30.00 | OK | |||
r-release-windows-x86_64 | 0.1-13.1 | 11.00 | 58.00 | 69.00 | OK | |
r-oldrel-macos-arm64 | 0.1-13.1 | 20.00 | OK | |||
r-oldrel-macos-x86_64 | 0.1-13.1 | 26.00 | OK | |||
r-oldrel-windows-x86_64 | 0.1-13.1 | 10.00 | 46.00 | 56.00 | OK |
Version: 0.1-13.1
Check: CRAN incoming feasibility
Result: NOTE
Maintainer: ‘Antonio Fabio Di Narzo <antonio.fabio@gmail.com>’
No Authors@R field in DESCRIPTION.
Please add one, modifying
Authors@R: c(person(family = "Antonio",
role = c("aut", "cre"),
email = "antonio.fabio@gmail.com"),
person(given = c("Fabio", "Di"),
family = "Narzo",
role = "aut"))
as necessary.
Flavors: r-devel-linux-x86_64-debian-clang, r-devel-linux-x86_64-debian-gcc
Version: 0.1-13.1
Check: compiled code
Result: NOTE
File ‘tseriesChaos/libs/tseriesChaos.so’:
Found no calls to: ‘R_registerRoutines’, ‘R_useDynamicSymbols’
It is good practice to register native routines and to disable symbol
search.
See ‘Writing portable packages’ in the ‘Writing R Extensions’ manual.
Flavors: r-devel-linux-x86_64-fedora-clang, r-devel-linux-x86_64-fedora-gcc