Last updated on 2025-05-10 16:52:45 CEST.
Flavor | Version | Tinstall | Tcheck | Ttotal | Status | Flags |
---|---|---|---|---|---|---|
r-devel-linux-x86_64-debian-clang | 1.0.0 | 35.11 | 133.86 | 168.97 | NOTE | |
r-devel-linux-x86_64-debian-gcc | 1.0.0 | 24.83 | 96.13 | 120.96 | NOTE | |
r-devel-linux-x86_64-fedora-clang | 1.0.0 | 262.60 | NOTE | |||
r-devel-linux-x86_64-fedora-gcc | 1.0.0 | 266.55 | NOTE | |||
r-devel-windows-x86_64 | 1.0.0 | 43.00 | 152.00 | 195.00 | NOTE | |
r-patched-linux-x86_64 | 1.0.0 | 36.57 | 123.76 | 160.33 | NOTE | |
r-release-linux-x86_64 | 1.0.0 | 32.51 | 125.63 | 158.14 | NOTE | |
r-release-macos-arm64 | 1.0.0 | 65.00 | NOTE | |||
r-release-macos-x86_64 | 1.0.0 | 133.00 | NOTE | |||
r-release-windows-x86_64 | 1.0.0 | 38.00 | 157.00 | 195.00 | NOTE | |
r-oldrel-macos-arm64 | 1.0.0 | 65.00 | NOTE | |||
r-oldrel-macos-x86_64 | 1.0.0 | 102.00 | NOTE | |||
r-oldrel-windows-x86_64 | 1.0.0 | 50.00 | 196.00 | 246.00 | NOTE |
Version: 1.0.0
Check: Rd files
Result: NOTE
checkRd: (-1) tsBSS-package.Rd:23: Lost braces in \itemize; meant \describe ?
checkRd: (-1) tsBSS-package.Rd:24: Lost braces in \itemize; meant \describe ?
checkRd: (-1) tsBSS-package.Rd:25: Lost braces in \itemize; meant \describe ?
checkRd: (-1) tsBSS-package.Rd:26: Lost braces in \itemize; meant \describe ?
checkRd: (-1) tsBSS-package.Rd:27: Lost braces in \itemize; meant \describe ?
checkRd: (-1) tsBSS-package.Rd:28: Lost braces in \itemize; meant \describe ?
checkRd: (-1) tsBSS-package.Rd:34: Lost braces in \itemize; meant \describe ?
Flavors: r-devel-linux-x86_64-debian-clang, r-devel-linux-x86_64-debian-gcc, r-devel-linux-x86_64-fedora-clang, r-devel-linux-x86_64-fedora-gcc, r-devel-windows-x86_64, r-patched-linux-x86_64, r-release-linux-x86_64, r-release-macos-arm64, r-release-macos-x86_64, r-release-windows-x86_64, r-oldrel-macos-arm64, r-oldrel-macos-x86_64, r-oldrel-windows-x86_64