Last updated on 2025-07-15 17:50:24 CEST.
Flavor | Version | Tinstall | Tcheck | Ttotal | Status | Flags |
---|---|---|---|---|---|---|
r-devel-linux-x86_64-debian-clang | 0.1.8 | 323.44 | 113.16 | 436.60 | OK | |
r-devel-linux-x86_64-debian-gcc | 0.1.8 | 200.17 | 82.01 | 282.18 | OK | |
r-devel-linux-x86_64-fedora-clang | 0.1.8 | 640.01 | OK | |||
r-devel-linux-x86_64-fedora-gcc | 0.1.8 | 726.93 | OK | |||
r-devel-windows-x86_64 | 0.1.8 | 218.00 | 167.00 | 385.00 | OK | |
r-patched-linux-x86_64 | 0.1.7 | 244.40 | 101.65 | 346.05 | OK | |
r-release-linux-x86_64 | 0.1.7 | 230.56 | 100.97 | 331.53 | OK | |
r-release-macos-arm64 | 0.1.7 | 151.00 | OK | |||
r-release-macos-x86_64 | 0.1.8 | 309.00 | OK | |||
r-release-windows-x86_64 | 0.1.8 | 185.00 | 170.00 | 355.00 | OK | |
r-oldrel-macos-arm64 | 0.1.7 | 155.00 | NOTE | |||
r-oldrel-macos-x86_64 | 0.1.8 | 305.00 | NOTE | |||
r-oldrel-windows-x86_64 | 0.1.8 | 213.00 | 181.00 | 394.00 | OK |
Version: 0.1.7
Check: installed package size
Result: NOTE
installed size is 31.0Mb
sub-directories of 1Mb or more:
libs 30.2Mb
Flavor: r-oldrel-macos-arm64
Version: 0.1.8
Check: installed package size
Result: NOTE
installed size is 26.4Mb
sub-directories of 1Mb or more:
libs 25.6Mb
Flavor: r-oldrel-macos-x86_64