Last updated on 2025-05-10 13:49:49 CEST.
Flavor | Version | Tinstall | Tcheck | Ttotal | Status | Flags |
---|---|---|---|---|---|---|
r-devel-linux-x86_64-debian-clang | 0.0.1 | 3.24 | 50.47 | 53.71 | OK | |
r-devel-linux-x86_64-debian-gcc | 0.0.1 | 2.39 | 39.29 | 41.68 | OK | |
r-devel-linux-x86_64-fedora-clang | 0.0.1 | 86.02 | OK | |||
r-devel-linux-x86_64-fedora-gcc | 0.0.1 | 95.87 | OK | |||
r-devel-windows-x86_64 | 0.0.1 | 5.00 | 83.00 | 88.00 | OK | |
r-patched-linux-x86_64 | 0.0.1 | 3.90 | 49.16 | 53.06 | OK | |
r-release-linux-x86_64 | 0.0.1 | 3.28 | 48.99 | 52.27 | OK | |
r-release-macos-arm64 | 0.0.1 | 39.00 | OK | |||
r-release-macos-x86_64 | 0.0.1 | 64.00 | OK | |||
r-release-windows-x86_64 | 0.0.1 | 5.00 | 83.00 | 88.00 | OK | |
r-oldrel-macos-arm64 | 0.0.1 | 30.00 | NOTE | |||
r-oldrel-macos-x86_64 | 0.0.1 | 49.00 | NOTE | |||
r-oldrel-windows-x86_64 | 0.0.1 | 4.00 | 90.00 | 94.00 | NOTE |
Version: 0.0.1
Check: LazyData
Result: NOTE
'LazyData' is specified without a 'data' directory
Flavors: r-oldrel-macos-arm64, r-oldrel-macos-x86_64, r-oldrel-windows-x86_64