Last updated on 2025-05-10 16:52:44 CEST.
Flavor | Version | Tinstall | Tcheck | Ttotal | Status | Flags |
---|---|---|---|---|---|---|
r-devel-linux-x86_64-debian-clang | 1.1.1 | 1.98 | 33.66 | 35.64 | NOTE | |
r-devel-linux-x86_64-debian-gcc | 1.1.1 | 2.15 | 26.84 | 28.99 | NOTE | |
r-devel-linux-x86_64-fedora-clang | 1.1.1 | 57.87 | OK | |||
r-devel-linux-x86_64-fedora-gcc | 1.1.1 | 67.49 | OK | |||
r-devel-windows-x86_64 | 1.1.1 | 5.00 | 54.00 | 59.00 | OK | |
r-patched-linux-x86_64 | 1.1.1 | 2.81 | 31.01 | 33.82 | OK | |
r-release-linux-x86_64 | 1.1.1 | 2.15 | 30.97 | 33.12 | OK | |
r-release-macos-arm64 | 1.1.1 | 30.00 | OK | |||
r-release-macos-x86_64 | 1.1.1 | 51.00 | OK | |||
r-release-windows-x86_64 | 1.1.1 | 5.00 | 53.00 | 58.00 | OK | |
r-oldrel-macos-arm64 | 1.1.1 | 33.00 | OK | |||
r-oldrel-macos-x86_64 | 1.1.1 | 42.00 | OK | |||
r-oldrel-windows-x86_64 | 1.1.1 | 6.00 | 62.00 | 68.00 | OK |
Version: 1.1.1
Check: CRAN incoming feasibility
Result: NOTE
Maintainer: ‘Claudio Zandonella Callegher <claudiozandonella@gmail.com>’
Package CITATION file contains call(s) to old-style personList() or
as.personList(). Please use c() on person objects instead.
Package CITATION file contains call(s) to old-style citEntry(). Please
use bibentry() instead.
Flavors: r-devel-linux-x86_64-debian-clang, r-devel-linux-x86_64-debian-gcc