CRAN Package Check Results for Package topr

Last updated on 2025-07-18 04:49:24 CEST.

Flavor Version Tinstall Tcheck Ttotal Status Flags
r-devel-linux-x86_64-debian-clang 2.0.2 12.33 68.30 80.63 NOTE
r-devel-linux-x86_64-debian-gcc 2.0.2 8.16 47.02 55.18 NOTE
r-devel-linux-x86_64-fedora-clang 2.0.2 126.14 NOTE
r-devel-linux-x86_64-fedora-gcc 2.0.2 118.23 NOTE
r-devel-windows-x86_64 2.0.2 14.00 86.00 100.00 NOTE
r-patched-linux-x86_64 2.0.2 11.97 61.95 73.92 NOTE
r-release-linux-x86_64 2.0.2 11.30 60.83 72.13 NOTE
r-release-macos-arm64 2.0.2 36.00 NOTE
r-release-macos-x86_64 2.0.2 66.00 NOTE
r-release-windows-x86_64 2.0.2 15.00 83.00 98.00 NOTE
r-oldrel-macos-arm64 2.0.2 38.00 OK
r-oldrel-macos-x86_64 2.0.2 83.00 OK
r-oldrel-windows-x86_64 2.0.2 19.00 102.00 121.00 OK

Check Details

Version: 2.0.2
Check: DESCRIPTION meta-information
Result: NOTE Missing dependency on R >= 4.1.0 because package code uses the pipe |> or function shorthand \(...) syntax added in R 4.1.0. File(s) using such syntax: ‘dat_checks.R’ ‘setters_and_getters.R’ Flavors: r-devel-linux-x86_64-debian-clang, r-devel-linux-x86_64-debian-gcc, r-devel-linux-x86_64-fedora-clang, r-devel-linux-x86_64-fedora-gcc, r-devel-windows-x86_64, r-patched-linux-x86_64, r-release-linux-x86_64, r-release-macos-arm64, r-release-macos-x86_64, r-release-windows-x86_64