Last updated on 2025-05-10 13:49:49 CEST.
Flavor | Version | Tinstall | Tcheck | Ttotal | Status | Flags |
---|---|---|---|---|---|---|
r-devel-linux-x86_64-debian-clang | 0.50.13 | 11.20 | 140.41 | 151.61 | NOTE | |
r-devel-linux-x86_64-debian-gcc | 0.50.13 | 6.74 | 98.45 | 105.19 | NOTE | |
r-devel-linux-x86_64-fedora-clang | 0.50.13 | 218.51 | NOTE | |||
r-devel-linux-x86_64-fedora-gcc | 0.50.13 | 234.42 | NOTE | |||
r-devel-windows-x86_64 | 0.50.13 | 12.00 | 152.00 | 164.00 | NOTE | |
r-patched-linux-x86_64 | 0.50.13 | 10.29 | 133.28 | 143.57 | NOTE | |
r-release-linux-x86_64 | 0.50.13 | 10.63 | 131.23 | 141.86 | NOTE | |
r-release-macos-arm64 | 0.50.13 | 73.00 | NOTE | |||
r-release-macos-x86_64 | 0.50.13 | 146.00 | NOTE | |||
r-release-windows-x86_64 | 0.50.13 | 12.00 | 151.00 | 163.00 | NOTE | |
r-oldrel-macos-arm64 | 0.50.13 | 73.00 | NOTE | |||
r-oldrel-macos-x86_64 | 0.50.13 | 108.00 | NOTE | |||
r-oldrel-windows-x86_64 | 0.50.13 | 17.00 | 182.00 | 199.00 | NOTE |
Version: 0.50.13
Check: Rd files
Result: NOTE
checkRd: (-1) pvalEffectPlot.Rd:90: Lost braces in \itemize; meant \describe ?
checkRd: (-1) pvalEffectPlot.Rd:91: Lost braces in \itemize; meant \describe ?
checkRd: (-1) pvalEffectPlot.Rd:92: Lost braces in \itemize; meant \describe ?
checkRd: (-1) pvalEffectPlot.Rd:93: Lost braces in \itemize; meant \describe ?
checkRd: (-1) pvalEffectPlot.Rd:94: Lost braces in \itemize; meant \describe ?
Flavors: r-devel-linux-x86_64-debian-clang, r-devel-linux-x86_64-debian-gcc, r-devel-linux-x86_64-fedora-clang, r-devel-linux-x86_64-fedora-gcc, r-devel-windows-x86_64, r-patched-linux-x86_64, r-release-linux-x86_64, r-release-macos-arm64, r-release-macos-x86_64, r-release-windows-x86_64, r-oldrel-macos-arm64, r-oldrel-macos-x86_64, r-oldrel-windows-x86_64