CRAN Package Check Results for Package tigerhitteR

Last updated on 2025-07-10 05:49:27 CEST.

Flavor Version Tinstall Tcheck Ttotal Status Flags
r-devel-linux-x86_64-debian-clang 1.1.0 7.33 56.81 64.14 NOTE
r-devel-linux-x86_64-debian-gcc 1.1.0 5.27 42.13 47.40 NOTE
r-devel-linux-x86_64-fedora-clang 1.1.0 97.90 OK
r-devel-linux-x86_64-fedora-gcc 1.1.0 92.11 OK
r-devel-windows-x86_64 1.1.0 8.00 71.00 79.00 OK
r-patched-linux-x86_64 1.1.0 6.47 52.70 59.17 OK
r-release-linux-x86_64 1.1.0 6.22 53.24 59.46 OK
r-release-macos-arm64 1.1.0 28.00 OK
r-release-macos-x86_64 1.1.0 50.00 OK
r-release-windows-x86_64 1.1.0 8.00 72.00 80.00 OK
r-oldrel-macos-arm64 1.1.0 33.00 OK
r-oldrel-macos-x86_64 1.1.0 40.00 OK
r-oldrel-windows-x86_64 1.1.0 11.00 83.00 94.00 OK

Check Details

Version: 1.1.0
Check: CRAN incoming feasibility
Result: NOTE Maintainer: ‘Will Kuan <aiien61will@gmail.com>’ No Authors@R field in DESCRIPTION. Please add one, modifying Authors@R: person(given = "Will", family = "Kuan", role = c("aut", "cre"), email = "aiien61will@gmail.com") as necessary. Flavors: r-devel-linux-x86_64-debian-clang, r-devel-linux-x86_64-debian-gcc