Last updated on 2025-05-10 13:49:48 CEST.
Flavor | Version | Tinstall | Tcheck | Ttotal | Status | Flags |
---|---|---|---|---|---|---|
r-devel-linux-x86_64-debian-clang | 1.0.2 | 18.81 | 492.32 | 511.13 | NOTE | |
r-devel-linux-x86_64-debian-gcc | 1.0.2 | 11.22 | 318.21 | 329.43 | NOTE | |
r-devel-linux-x86_64-fedora-clang | 1.0.2 | 861.29 | OK | |||
r-devel-linux-x86_64-fedora-gcc | 1.0.2 | 814.98 | OK | |||
r-devel-windows-x86_64 | 1.0.2 | 21.00 | 428.00 | 449.00 | NOTE | |
r-patched-linux-x86_64 | 1.0.2 | 19.11 | 470.77 | 489.88 | NOTE | |
r-release-linux-x86_64 | 1.0.2 | 17.22 | 469.96 | 487.18 | NOTE | |
r-release-macos-arm64 | 1.0.2 | 211.00 | OK | |||
r-release-macos-x86_64 | 1.0.2 | 489.00 | OK | |||
r-release-windows-x86_64 | 1.0.2 | 19.00 | 423.00 | 442.00 | NOTE | |
r-oldrel-macos-arm64 | 1.0.2 | 193.00 | OK | |||
r-oldrel-macos-x86_64 | 1.0.2 | 320.00 | OK | |||
r-oldrel-windows-x86_64 | 1.0.2 | 27.00 | 590.00 | 617.00 | OK |
Version: 1.0.2
Check: CRAN incoming feasibility
Result: NOTE
Maintainer: ‘Drew Dimmery <drew.dimmery@univie.ac.at>’
The Description field contains
doubly-robust learner of Kennedy (n.d.) <arXiv:2004.14497>. You provide
Please refer to arXiv e-prints via their arXiv DOI <doi:10.48550/arXiv.YYMM.NNNNN>.
Flavors: r-devel-linux-x86_64-debian-clang, r-devel-linux-x86_64-debian-gcc
Version: 1.0.2
Check: Rd cross-references
Result: NOTE
Found the following Rd file(s) with Rd \link{} targets missing package
anchors:
predict.SL.glmnet.interaction.Rd: SL.glmnet
Please provide package anchors for all Rd \link{} targets not in the
package itself and the base packages.
Flavors: r-devel-linux-x86_64-debian-clang, r-devel-linux-x86_64-debian-gcc, r-devel-windows-x86_64, r-patched-linux-x86_64, r-release-linux-x86_64, r-release-windows-x86_64