Last updated on 2025-05-10 20:49:55 CEST.
Flavor | Version | Tinstall | Tcheck | Ttotal | Status | Flags |
---|---|---|---|---|---|---|
r-devel-linux-x86_64-debian-clang | 0.12.5 | 276.90 | 165.38 | 442.28 | OK | |
r-devel-linux-x86_64-debian-gcc | 0.12.5 | 259.77 | 137.92 | 397.69 | OK | |
r-devel-linux-x86_64-fedora-clang | 0.12.5 | 712.40 | OK | |||
r-devel-linux-x86_64-fedora-gcc | 0.12.5 | 937.49 | OK | |||
r-devel-windows-x86_64 | 0.12.5 | 306.00 | 209.00 | 515.00 | OK | |
r-patched-linux-x86_64 | 0.12.5 | 321.66 | 185.23 | 506.89 | OK | |
r-release-linux-x86_64 | 0.12.5 | 313.73 | 185.64 | 499.37 | OK | |
r-release-macos-arm64 | 0.12.5 | 176.00 | OK | |||
r-release-macos-x86_64 | 0.12.5 | 302.00 | OK | |||
r-release-windows-x86_64 | 0.12.5 | 272.00 | 207.00 | 479.00 | OK | |
r-oldrel-macos-arm64 | 0.12.5 | 101.00 | NOTE | |||
r-oldrel-macos-x86_64 | 0.12.5 | 149.00 | NOTE | |||
r-oldrel-windows-x86_64 | 0.12.5 | 350.00 | 268.00 | 618.00 | NOTE |
Version: 0.12.5
Check: installed package size
Result: NOTE
installed size is 84.4Mb
sub-directories of 1Mb or more:
libs 84.0Mb
Flavors: r-oldrel-macos-arm64, r-oldrel-macos-x86_64
Version: 0.12.5
Check: for GNU extensions in Makefiles
Result: NOTE
GNU make is a SystemRequirements.
Flavors: r-oldrel-macos-arm64, r-oldrel-macos-x86_64, r-oldrel-windows-x86_64