Last updated on 2025-05-10 20:49:55 CEST.
Flavor | Version | Tinstall | Tcheck | Ttotal | Status | Flags |
---|---|---|---|---|---|---|
r-devel-linux-x86_64-debian-clang | 1.1.7 | 15.92 | 79.47 | 95.39 | NOTE | |
r-devel-linux-x86_64-debian-gcc | 1.1.7 | 10.24 | 51.88 | 62.12 | NOTE | |
r-devel-linux-x86_64-fedora-clang | 1.1.7 | 160.99 | OK | |||
r-devel-linux-x86_64-fedora-gcc | 1.1.7 | 147.49 | OK | |||
r-devel-windows-x86_64 | 1.1.7 | 15.00 | 97.00 | 112.00 | NOTE | |
r-patched-linux-x86_64 | 1.1.7 | 15.22 | 74.40 | 89.62 | NOTE | |
r-release-linux-x86_64 | 1.1.7 | 13.53 | 74.28 | 87.81 | NOTE | |
r-release-macos-arm64 | 1.1.7 | 48.00 | OK | |||
r-release-macos-x86_64 | 1.1.7 | 110.00 | OK | |||
r-release-windows-x86_64 | 1.1.7 | 16.00 | 99.00 | 115.00 | NOTE | |
r-oldrel-macos-arm64 | 1.1.7 | 48.00 | OK | |||
r-oldrel-macos-x86_64 | 1.1.7 | 73.00 | OK | |||
r-oldrel-windows-x86_64 | 1.1.7 | 20.00 | 122.00 | 142.00 | OK |
Version: 1.1.7
Check: Rd cross-references
Result: NOTE
Found the following Rd file(s) with Rd \link{} targets missing package
anchors:
TBinaryProtocol.Rd: R6Class
TBinaryProtocolFactory.Rd: R6Class
TBufferedTransport.Rd: R6Class
TBufferedTransportFactory.Rd: R6Class
TClient.Rd: R6Class
TMemoryBuffer.Rd: R6Class
TPayload.Rd: R6Class
TServerSocket.Rd: R6Class
TSocket.Rd: R6Class
Please provide package anchors for all Rd \link{} targets not in the
package itself and the base packages.
Flavors: r-devel-linux-x86_64-debian-clang, r-devel-linux-x86_64-debian-gcc, r-devel-windows-x86_64, r-patched-linux-x86_64, r-release-linux-x86_64, r-release-windows-x86_64